{"id":104074,"date":"2026-05-01T04:35:42","date_gmt":"2026-05-01T02:35:42","guid":{"rendered":"https:\/\/ricondizionatipro.it\/shop\/prodotto\/laptop-hp-omnibook-7-ngai-17-dc0001nf-u7-258v-arc-140v-8gb-ultra-5-ram-32-gb-ssd-disk-173%e2%80%b3-fhd\/"},"modified":"2026-05-01T04:35:42","modified_gmt":"2026-05-01T02:35:42","slug":"laptop-hp-omnibook-7-ngai-17-dc0001nf-u7-258v-arc-140v-8gb-ultra-5-ram-32-gb-ssd-disk-173%e2%80%b3-fhd","status":"publish","type":"product","link":"https:\/\/ricondizionatipro.it\/shop\/prodotto\/laptop-hp-omnibook-7-ngai-17-dc0001nf-u7-258v-arc-140v-8gb-ultra-5-ram-32-gb-ssd-disk-173%e2%80%b3-fhd\/","title":{"rendered":"Laptop HP OmniBook 7 NGAI 17-dc0001nf | U7 258V | Arc 140V (8GB) \/ Ultra 5 \/ RAM 32 GB \/ SSD Disk \/ 17,3\u2033 FHD"},"content":{"rendered":"<p>Il Laptop HP OmniBook 7 NGAI \u00e8 una potente unione di estetica e tecnologia all&#039;avanguardia progettata per soddisfare professionisti e appassionati di tecnologia. Dotato di un ampio display Multi-Touch IPS che offre una risoluzione FHD cristallina, \u00e8 la scelta ideale per coloro che desiderano un&#039;esperienza visiva vivida e interattiva. <\/p>\n<p>&lt;H2&gt;Principali vantaggi&lt;\/H2&gt;<br \/>\n&lt;ul&gt;<br \/>\n  &lt;li&gt;&lt;b&gt;Prestazioni elevate&lt;\/b&gt; grazie alla combinazione del processore di ultima generazione e della scheda grafica avanzata&lt;\/li&gt;<br \/>\n  &lt;li&gt;&lt;b&gt;Enorme capacit\u00e0 di archiviazione&lt;\/b&gt; veloce grazie alla tecnologia &lt;span style=&quot;text-decoration: underline;&quot;&gt;NVMe&lt;\/span&gt;&lt;\/li&gt;<br \/>\n  &lt;li&gt;&lt;b&gt;Connettivit\u00e0 avanzata&lt;\/b&gt; con porte Thunderbolt e USB di nuova generazione&lt;\/li&gt;<br \/>\n  &lt;li&gt;&lt;b&gt;Display Multi-Touch&lt;\/b&gt; che rende il lavoro quotidiano e l&#039;intrattenimento pi\u00f9 coinvolgenti&lt;\/li&gt;<br \/>\n&lt;\/ul&gt;<\/p>\n<p>&lt;H2&gt;Chi acquista questo prodotto&lt;\/H2&gt;<br \/>\nIl Laptop HP OmniBook 7 NGAI si rivolge a &lt;b&gt;professionisti&lt;\/b&gt; che necessitano di una macchina affidabile per attivit\u00e0 intense come l&#039;elaborazione grafica o la programmazione. \u00c8 anche ideale per &lt;b&gt;appassionati di giochi&lt;\/b&gt; e &lt;b&gt;creatori di contenuti&lt;\/b&gt; che desiderano prestazioni grafiche superiori e un&#039;esperienza multimediale di livello superiore.<\/p>\n<p>&lt;H2&gt;Possibilit\u00e0 di aggiornamento&lt;\/H2&gt;<br \/>\nQuesto laptop offre la &lt;b&gt;flessibilit\u00e0&lt;\/b&gt; necessaria per aggiornamenti futuri, consentendo di migliorare la memoria e il disco. Consultate sempre un esperto prima di eseguire l&#039;aggiornamento.<\/p>\n<p>&lt;H2&gt;Perch\u00e9 scegliere un dispositivo ricondizionato&lt;\/H2&gt;<br \/>\nOptare per un dispositivo ricondizionato significa fare parte di un sistema ecologico sostenibile, con il vantaggio di ottenere un prodotto dal valore eccezionale. Ogni dispositivo \u00e8 sottoposto a un meticoloso servizio professionale di ricondizionamento e valutato tramite un sistema di qualit\u00e0 standardizzato per garantire ottime prestazioni e affidabilit\u00e0.&lt;h2&gt;Scatola aperta&lt;\/h2&gt;&#13;<br \/>\n&lt;p&gt;Quasi nessun segno di usura. Qualit\u00e0 uguale ai nuovi. Nella maggior parte dei casi si tratta di eccedenze di produzione e scorte invendute, in cui le differenze rispetto ai dispositivi nuovi non sono percepibili.&lt;\/p&gt;&#13;<\/p>\n","protected":false},"excerpt":{"rendered":"<p>Intel Core Ultra 7\u00a0258V (2,2\u00a0GHz), 32\u00a0GB LPDDR5x-8533, SSD 1\u00a0TB PCIe NVMe, Intel Arc 140V Graphics\u00a0(8 GB), 43,9 cm (17,3\u2033) FHD (1920&#215;1080) Multi-Touch IPS BV LED 60 Hz, HDMI 2.1, 1x Thunderbolt 4 (USB-C\/DisplayPort &#8211; 40Gbps), 3x USB-A 3.2 Gen2 (10Gbps), 1x USB-C 3.2 Gen2 (DisplayPort &#8211; 10Gbps),\u00a0Wi-Fi 7 BE201 (2&#215;2), Bluetooth 5,4, Backlit Kbd.,\u00a065 W USB-C PD Adapter, Microsoft Windows 11 Home (64-bit)<\/p>\n","protected":false},"featured_media":104075,"template":"","meta":{"inline_featured_image":false},"product_brand":[],"product_cat":[831,853,833],"product_tag":[],"class_list":{"0":"post-104074","1":"product","2":"type-product","3":"status-publish","4":"has-post-thumbnail","6":"product_cat-laptop","7":"product_cat-portatili-17-inch","8":"product_cat-ricerca-preferita","9":"pa_fingerprint-no","11":"first","12":"instock","13":"purchasable","14":"product-type-simple"},"yoast_head":"<!-- This site is optimized with the Yoast SEO plugin v27.2 - https:\/\/yoast.com\/product\/yoast-seo-wordpress\/ -->\n<title>Laptop HP OmniBook 7 NGAI 17-dc0001nf | U7 258V | Arc 140V (8GB) \/ Ultra 5 \/ RAM 32 GB \/ SSD Disk \/ 17,3\u2033 FHD - ricondizionatipro.it<\/title>\n<meta name=\"robots\" content=\"index, follow, max-snippet:-1, max-image-preview:large, max-video-preview:-1\" \/>\n<link rel=\"canonical\" href=\"https:\/\/ricondizionatipro.it\/shop\/prodotto\/laptop-hp-omnibook-7-ngai-17-dc0001nf-u7-258v-arc-140v-8gb-ultra-5-ram-32-gb-ssd-disk-173\u2033-fhd\/\" \/>\n<meta property=\"og:locale\" content=\"it_IT\" \/>\n<meta property=\"og:type\" content=\"article\" \/>\n<meta property=\"og:title\" content=\"Laptop HP OmniBook 7 NGAI 17-dc0001nf | U7 258V | Arc 140V (8GB) \/ Ultra 5 \/ RAM 32 GB \/ SSD Disk \/ 17,3\u2033 FHD - ricondizionatipro.it\" \/>\n<meta property=\"og:description\" content=\"Intel Core Ultra 7\u00a0258V (2,2\u00a0GHz), 32\u00a0GB LPDDR5x-8533, SSD 1\u00a0TB PCIe NVMe, Intel Arc 140V Graphics\u00a0(8 GB), 43,9 cm (17,3\u2033) FHD (1920x1080) Multi-Touch IPS BV LED 60 Hz, HDMI 2.1, 1x Thunderbolt 4 (USB-C\/DisplayPort - 40Gbps), 3x USB-A 3.2 Gen2 (10Gbps), 1x USB-C 3.2 Gen2 (DisplayPort - 10Gbps),\u00a0Wi-Fi 7 BE201 (2x2), Bluetooth 5,4, Backlit Kbd.,\u00a065 W USB-C PD Adapter, Microsoft Windows 11 Home (64-bit)\" \/>\n<meta property=\"og:url\" content=\"https:\/\/ricondizionatipro.it\/shop\/prodotto\/laptop-hp-omnibook-7-ngai-17-dc0001nf-u7-258v-arc-140v-8gb-ultra-5-ram-32-gb-ssd-disk-173\u2033-fhd\/\" \/>\n<meta property=\"og:site_name\" content=\"ricondizionatipro.it\" \/>\n<meta property=\"article:publisher\" content=\"https:\/\/www.facebook.com\/ricondizionatipro.it\/\" \/>\n<meta property=\"og:image\" content=\"https:\/\/ricondizionatipro.it\/shop\/wp-content\/uploads\/2026\/05\/39e87e33-42b9-4ea2-89f0-757d61d6ae2c.jpg\" \/>\n\t<meta property=\"og:image:width\" content=\"850\" \/>\n\t<meta property=\"og:image:height\" content=\"637\" \/>\n\t<meta property=\"og:image:type\" content=\"image\/png\" \/>\n<meta name=\"twitter:card\" content=\"summary_large_image\" \/>\n<meta name=\"twitter:label1\" content=\"Tempo di lettura stimato\" \/>\n\t<meta name=\"twitter:data1\" content=\"2 minuti\" \/>\n<script type=\"application\/ld+json\" class=\"yoast-schema-graph\">{\"@context\":\"https:\/\/schema.org\",\"@graph\":[{\"@type\":\"WebPage\",\"@id\":\"https:\/\/ricondizionatipro.it\/shop\/prodotto\/laptop-hp-omnibook-7-ngai-17-dc0001nf-u7-258v-arc-140v-8gb-ultra-5-ram-32-gb-ssd-disk-173%e2%80%b3-fhd\/\",\"url\":\"https:\/\/ricondizionatipro.it\/shop\/prodotto\/laptop-hp-omnibook-7-ngai-17-dc0001nf-u7-258v-arc-140v-8gb-ultra-5-ram-32-gb-ssd-disk-173%e2%80%b3-fhd\/\",\"name\":\"Laptop HP OmniBook 7 NGAI 17-dc0001nf | U7 258V | Arc 140V (8GB) \/ Ultra 5 \/ RAM 32 GB \/ SSD Disk \/ 17,3\u2033 FHD - ricondizionatipro.it\",\"isPartOf\":{\"@id\":\"https:\/\/ricondizionatipro.it\/shop\/#website\"},\"primaryImageOfPage\":{\"@id\":\"https:\/\/ricondizionatipro.it\/shop\/prodotto\/laptop-hp-omnibook-7-ngai-17-dc0001nf-u7-258v-arc-140v-8gb-ultra-5-ram-32-gb-ssd-disk-173%e2%80%b3-fhd\/#primaryimage\"},\"image\":{\"@id\":\"https:\/\/ricondizionatipro.it\/shop\/prodotto\/laptop-hp-omnibook-7-ngai-17-dc0001nf-u7-258v-arc-140v-8gb-ultra-5-ram-32-gb-ssd-disk-173%e2%80%b3-fhd\/#primaryimage\"},\"thumbnailUrl\":\"https:\/\/ricondizionatipro.it\/shop\/wp-content\/uploads\/2026\/05\/39e87e33-42b9-4ea2-89f0-757d61d6ae2c.jpg\",\"datePublished\":\"2026-05-01T02:35:42+00:00\",\"breadcrumb\":{\"@id\":\"https:\/\/ricondizionatipro.it\/shop\/prodotto\/laptop-hp-omnibook-7-ngai-17-dc0001nf-u7-258v-arc-140v-8gb-ultra-5-ram-32-gb-ssd-disk-173%e2%80%b3-fhd\/#breadcrumb\"},\"inLanguage\":\"it-IT\",\"potentialAction\":[{\"@type\":\"ReadAction\",\"target\":[\"https:\/\/ricondizionatipro.it\/shop\/prodotto\/laptop-hp-omnibook-7-ngai-17-dc0001nf-u7-258v-arc-140v-8gb-ultra-5-ram-32-gb-ssd-disk-173%e2%80%b3-fhd\/\"]}]},{\"@type\":\"ImageObject\",\"inLanguage\":\"it-IT\",\"@id\":\"https:\/\/ricondizionatipro.it\/shop\/prodotto\/laptop-hp-omnibook-7-ngai-17-dc0001nf-u7-258v-arc-140v-8gb-ultra-5-ram-32-gb-ssd-disk-173%e2%80%b3-fhd\/#primaryimage\",\"url\":\"https:\/\/ricondizionatipro.it\/shop\/wp-content\/uploads\/2026\/05\/39e87e33-42b9-4ea2-89f0-757d61d6ae2c.jpg\",\"contentUrl\":\"https:\/\/ricondizionatipro.it\/shop\/wp-content\/uploads\/2026\/05\/39e87e33-42b9-4ea2-89f0-757d61d6ae2c.jpg\",\"width\":850,\"height\":637},{\"@type\":\"BreadcrumbList\",\"@id\":\"https:\/\/ricondizionatipro.it\/shop\/prodotto\/laptop-hp-omnibook-7-ngai-17-dc0001nf-u7-258v-arc-140v-8gb-ultra-5-ram-32-gb-ssd-disk-173%e2%80%b3-fhd\/#breadcrumb\",\"itemListElement\":[{\"@type\":\"ListItem\",\"position\":1,\"name\":\"Home\",\"item\":\"https:\/\/ricondizionatipro.it\/shop\/\"},{\"@type\":\"ListItem\",\"position\":2,\"name\":\"Laptop HP OmniBook 7 NGAI 17-dc0001nf | U7 258V | Arc 140V (8GB) \/ Ultra 5 \/ RAM 32 GB \/ SSD Disk \/ 17,3\u2033 FHD\"}]},{\"@type\":\"WebSite\",\"@id\":\"https:\/\/ricondizionatipro.it\/shop\/#website\",\"url\":\"https:\/\/ricondizionatipro.it\/shop\/\",\"name\":\"ricondizionatipro.it\",\"description\":\"computer professionali ricondizionati garantiti\",\"publisher\":{\"@id\":\"https:\/\/ricondizionatipro.it\/shop\/#organization\"},\"potentialAction\":[{\"@type\":\"SearchAction\",\"target\":{\"@type\":\"EntryPoint\",\"urlTemplate\":\"https:\/\/ricondizionatipro.it\/shop\/?s={search_term_string}\"},\"query-input\":{\"@type\":\"PropertyValueSpecification\",\"valueRequired\":true,\"valueName\":\"search_term_string\"}}],\"inLanguage\":\"it-IT\"},{\"@type\":\"Organization\",\"@id\":\"https:\/\/ricondizionatipro.it\/shop\/#organization\",\"name\":\"ricondizionatipro.it\",\"url\":\"https:\/\/ricondizionatipro.it\/shop\/\",\"logo\":{\"@type\":\"ImageObject\",\"inLanguage\":\"it-IT\",\"@id\":\"https:\/\/ricondizionatipro.it\/shop\/#\/schema\/logo\/image\/\",\"url\":\"https:\/\/i0.wp.com\/ricondizionatipro.it\/shop\/wp-content\/uploads\/2022\/04\/ricondizionati-pro-logo-trasparente.png?fit=2309%2C1910&ssl=1\",\"contentUrl\":\"https:\/\/i0.wp.com\/ricondizionatipro.it\/shop\/wp-content\/uploads\/2022\/04\/ricondizionati-pro-logo-trasparente.png?fit=2309%2C1910&ssl=1\",\"width\":2309,\"height\":1910,\"caption\":\"ricondizionatipro.it\"},\"image\":{\"@id\":\"https:\/\/ricondizionatipro.it\/shop\/#\/schema\/logo\/image\/\"},\"sameAs\":[\"https:\/\/www.facebook.com\/ricondizionatipro.it\/\",\"https:\/\/www.instagram.com\/ricondizionatipro.it\/\"]}]}<\/script>\n<!-- \/ Yoast SEO plugin. -->","yoast_head_json":{"title":"Laptop HP OmniBook 7 NGAI 17-dc0001nf | U7 258V | Arc 140V (8GB) \/ Ultra 5 \/ RAM 32 GB \/ SSD Disk \/ 17,3\u2033 FHD - ricondizionatipro.it","robots":{"index":"index","follow":"follow","max-snippet":"max-snippet:-1","max-image-preview":"max-image-preview:large","max-video-preview":"max-video-preview:-1"},"canonical":"https:\/\/ricondizionatipro.it\/shop\/prodotto\/laptop-hp-omnibook-7-ngai-17-dc0001nf-u7-258v-arc-140v-8gb-ultra-5-ram-32-gb-ssd-disk-173\u2033-fhd\/","og_locale":"it_IT","og_type":"article","og_title":"Laptop HP OmniBook 7 NGAI 17-dc0001nf | U7 258V | Arc 140V (8GB) \/ Ultra 5 \/ RAM 32 GB \/ SSD Disk \/ 17,3\u2033 FHD - ricondizionatipro.it","og_description":"Intel Core Ultra 7\u00a0258V (2,2\u00a0GHz), 32\u00a0GB LPDDR5x-8533, SSD 1\u00a0TB PCIe NVMe, Intel Arc 140V Graphics\u00a0(8 GB), 43,9 cm (17,3\u2033) FHD (1920x1080) Multi-Touch IPS BV LED 60 Hz, HDMI 2.1, 1x Thunderbolt 4 (USB-C\/DisplayPort - 40Gbps), 3x USB-A 3.2 Gen2 (10Gbps), 1x USB-C 3.2 Gen2 (DisplayPort - 10Gbps),\u00a0Wi-Fi 7 BE201 (2x2), Bluetooth 5,4, Backlit Kbd.,\u00a065 W USB-C PD Adapter, Microsoft Windows 11 Home (64-bit)","og_url":"https:\/\/ricondizionatipro.it\/shop\/prodotto\/laptop-hp-omnibook-7-ngai-17-dc0001nf-u7-258v-arc-140v-8gb-ultra-5-ram-32-gb-ssd-disk-173\u2033-fhd\/","og_site_name":"ricondizionatipro.it","article_publisher":"https:\/\/www.facebook.com\/ricondizionatipro.it\/","og_image":[{"width":850,"height":637,"url":"https:\/\/ricondizionatipro.it\/shop\/wp-content\/uploads\/2026\/05\/39e87e33-42b9-4ea2-89f0-757d61d6ae2c.jpg","type":"image\/png"}],"twitter_card":"summary_large_image","twitter_misc":{"Tempo di lettura stimato":"2 minuti"},"schema":{"@context":"https:\/\/schema.org","@graph":[{"@type":"WebPage","@id":"https:\/\/ricondizionatipro.it\/shop\/prodotto\/laptop-hp-omnibook-7-ngai-17-dc0001nf-u7-258v-arc-140v-8gb-ultra-5-ram-32-gb-ssd-disk-173%e2%80%b3-fhd\/","url":"https:\/\/ricondizionatipro.it\/shop\/prodotto\/laptop-hp-omnibook-7-ngai-17-dc0001nf-u7-258v-arc-140v-8gb-ultra-5-ram-32-gb-ssd-disk-173%e2%80%b3-fhd\/","name":"Laptop HP OmniBook 7 NGAI 17-dc0001nf | U7 258V | Arc 140V (8GB) \/ Ultra 5 \/ RAM 32 GB \/ SSD Disk \/ 17,3\u2033 FHD - ricondizionatipro.it","isPartOf":{"@id":"https:\/\/ricondizionatipro.it\/shop\/#website"},"primaryImageOfPage":{"@id":"https:\/\/ricondizionatipro.it\/shop\/prodotto\/laptop-hp-omnibook-7-ngai-17-dc0001nf-u7-258v-arc-140v-8gb-ultra-5-ram-32-gb-ssd-disk-173%e2%80%b3-fhd\/#primaryimage"},"image":{"@id":"https:\/\/ricondizionatipro.it\/shop\/prodotto\/laptop-hp-omnibook-7-ngai-17-dc0001nf-u7-258v-arc-140v-8gb-ultra-5-ram-32-gb-ssd-disk-173%e2%80%b3-fhd\/#primaryimage"},"thumbnailUrl":"https:\/\/ricondizionatipro.it\/shop\/wp-content\/uploads\/2026\/05\/39e87e33-42b9-4ea2-89f0-757d61d6ae2c.jpg","datePublished":"2026-05-01T02:35:42+00:00","breadcrumb":{"@id":"https:\/\/ricondizionatipro.it\/shop\/prodotto\/laptop-hp-omnibook-7-ngai-17-dc0001nf-u7-258v-arc-140v-8gb-ultra-5-ram-32-gb-ssd-disk-173%e2%80%b3-fhd\/#breadcrumb"},"inLanguage":"it-IT","potentialAction":[{"@type":"ReadAction","target":["https:\/\/ricondizionatipro.it\/shop\/prodotto\/laptop-hp-omnibook-7-ngai-17-dc0001nf-u7-258v-arc-140v-8gb-ultra-5-ram-32-gb-ssd-disk-173%e2%80%b3-fhd\/"]}]},{"@type":"ImageObject","inLanguage":"it-IT","@id":"https:\/\/ricondizionatipro.it\/shop\/prodotto\/laptop-hp-omnibook-7-ngai-17-dc0001nf-u7-258v-arc-140v-8gb-ultra-5-ram-32-gb-ssd-disk-173%e2%80%b3-fhd\/#primaryimage","url":"https:\/\/ricondizionatipro.it\/shop\/wp-content\/uploads\/2026\/05\/39e87e33-42b9-4ea2-89f0-757d61d6ae2c.jpg","contentUrl":"https:\/\/ricondizionatipro.it\/shop\/wp-content\/uploads\/2026\/05\/39e87e33-42b9-4ea2-89f0-757d61d6ae2c.jpg","width":850,"height":637},{"@type":"BreadcrumbList","@id":"https:\/\/ricondizionatipro.it\/shop\/prodotto\/laptop-hp-omnibook-7-ngai-17-dc0001nf-u7-258v-arc-140v-8gb-ultra-5-ram-32-gb-ssd-disk-173%e2%80%b3-fhd\/#breadcrumb","itemListElement":[{"@type":"ListItem","position":1,"name":"Home","item":"https:\/\/ricondizionatipro.it\/shop\/"},{"@type":"ListItem","position":2,"name":"Laptop HP OmniBook 7 NGAI 17-dc0001nf | U7 258V | Arc 140V (8GB) \/ Ultra 5 \/ RAM 32 GB \/ SSD Disk \/ 17,3\u2033 FHD"}]},{"@type":"WebSite","@id":"https:\/\/ricondizionatipro.it\/shop\/#website","url":"https:\/\/ricondizionatipro.it\/shop\/","name":"ricondizionatipro.it","description":"computer professionali ricondizionati garantiti","publisher":{"@id":"https:\/\/ricondizionatipro.it\/shop\/#organization"},"potentialAction":[{"@type":"SearchAction","target":{"@type":"EntryPoint","urlTemplate":"https:\/\/ricondizionatipro.it\/shop\/?s={search_term_string}"},"query-input":{"@type":"PropertyValueSpecification","valueRequired":true,"valueName":"search_term_string"}}],"inLanguage":"it-IT"},{"@type":"Organization","@id":"https:\/\/ricondizionatipro.it\/shop\/#organization","name":"ricondizionatipro.it","url":"https:\/\/ricondizionatipro.it\/shop\/","logo":{"@type":"ImageObject","inLanguage":"it-IT","@id":"https:\/\/ricondizionatipro.it\/shop\/#\/schema\/logo\/image\/","url":"https:\/\/i0.wp.com\/ricondizionatipro.it\/shop\/wp-content\/uploads\/2022\/04\/ricondizionati-pro-logo-trasparente.png?fit=2309%2C1910&ssl=1","contentUrl":"https:\/\/i0.wp.com\/ricondizionatipro.it\/shop\/wp-content\/uploads\/2022\/04\/ricondizionati-pro-logo-trasparente.png?fit=2309%2C1910&ssl=1","width":2309,"height":1910,"caption":"ricondizionatipro.it"},"image":{"@id":"https:\/\/ricondizionatipro.it\/shop\/#\/schema\/logo\/image\/"},"sameAs":["https:\/\/www.facebook.com\/ricondizionatipro.it\/","https:\/\/www.instagram.com\/ricondizionatipro.it\/"]}]}},"acf":[],"_links":{"self":[{"href":"https:\/\/ricondizionatipro.it\/shop\/wp-json\/wp\/v2\/product\/104074","targetHints":{"allow":["GET"]}}],"collection":[{"href":"https:\/\/ricondizionatipro.it\/shop\/wp-json\/wp\/v2\/product"}],"about":[{"href":"https:\/\/ricondizionatipro.it\/shop\/wp-json\/wp\/v2\/types\/product"}],"wp:featuredmedia":[{"embeddable":true,"href":"https:\/\/ricondizionatipro.it\/shop\/wp-json\/wp\/v2\/media\/104075"}],"wp:attachment":[{"href":"https:\/\/ricondizionatipro.it\/shop\/wp-json\/wp\/v2\/media?parent=104074"}],"wp:term":[{"taxonomy":"product_brand","embeddable":true,"href":"https:\/\/ricondizionatipro.it\/shop\/wp-json\/wp\/v2\/product_brand?post=104074"},{"taxonomy":"product_cat","embeddable":true,"href":"https:\/\/ricondizionatipro.it\/shop\/wp-json\/wp\/v2\/product_cat?post=104074"},{"taxonomy":"product_tag","embeddable":true,"href":"https:\/\/ricondizionatipro.it\/shop\/wp-json\/wp\/v2\/product_tag?post=104074"}],"curies":[{"name":"wp","href":"https:\/\/api.w.org\/{rel}","templated":true}]}}