{"id":103731,"date":"2026-04-30T04:20:54","date_gmt":"2026-04-30T02:20:54","guid":{"rendered":"https:\/\/ricondizionatipro.it\/shop\/prodotto\/laptop-hp-probook-450-g10-i5-1334u-w11h-i5-ram-16-gb-ssd-disk-156%e2%80%b3-fhd\/"},"modified":"2026-04-30T04:20:54","modified_gmt":"2026-04-30T02:20:54","slug":"laptop-hp-probook-450-g10-i5-1334u-w11h-i5-ram-16-gb-ssd-disk-156%e2%80%b3-fhd","status":"publish","type":"product","link":"https:\/\/ricondizionatipro.it\/shop\/prodotto\/laptop-hp-probook-450-g10-i5-1334u-w11h-i5-ram-16-gb-ssd-disk-156%e2%80%b3-fhd\/","title":{"rendered":"Laptop HP ProBook 450 G10 | i5-1334U | W11H \/ i5 \/ RAM 16 GB \/ SSD Disk \/ 15,6\u2033 FHD"},"content":{"rendered":"<p>Il Laptop HP ProBook 450 G10 \u00e8 una soluzione versatile e potente per chi cerca affidabilit\u00e0 e prestazioni superiori in un unico dispositivo. Con uno schermo FHD da 15,6 pollici, questo laptop assicura un&#039;esperienza visiva straordinaria per lavoro e intrattenimento.<\/p>\n<p>&lt;H2&gt;Principali vantaggi&lt;\/H2&gt;<br \/>\n&lt;ul&gt;<br \/>\n&lt;li&gt;Esperienza grafica avanzata grazie a &lt;b&gt;Intel Iris Xe Graphics&lt;\/b&gt;&lt;\/li&gt;<br \/>\n&lt;li&gt;Connessioni &lt;b&gt;Thunderbolt 4 e HDMI 2.1&lt;\/b&gt; per una connettivit\u00e0 estesa&lt;\/li&gt;<br \/>\n&lt;li&gt;Velocit\u00e0 di trasmissione dati spettacolare tramite &lt;b&gt;SSD NVMe&lt;\/b&gt;&lt;\/li&gt;<br \/>\n&lt;li&gt;Design elegante e compatto adatto a tutte le esigenze professionali&lt;\/li&gt;<br \/>\n&lt;li&gt;Tastiera retroilluminata per lavorare in ambienti con scarsa illuminazione&lt;\/li&gt;<br \/>\n&lt;li&gt;Connessioni wireless veloci e affidabili con &lt;b&gt;Wi-Fi 6E&lt;\/b&gt; e &lt;b&gt;Bluetooth 5.3&lt;\/b&gt;&lt;\/li&gt;<br \/>\n&lt;\/ul&gt;<\/p>\n<p>&lt;H2&gt;Chi acquista questo prodotto&lt;\/H2&gt;<br \/>\nIl Laptop HP ProBook 450 G10 \u00e8 ideale per professionisti che necessitano di affidabilit\u00e0 e prestazioni, studenti che cercano un dispositivo duraturo per il loro percorso di studi e chiunque desideri un&#039;esperienza di elaborazione moderna con i vantaggi pi\u00f9 recenti in termini di connettivit\u00e0 e funzionalit\u00e0.<\/p>\n<p>&lt;H2&gt;Possibilit\u00e0 di aggiornamento&lt;\/H2&gt;<br \/>\nQuesto laptop offre la flessibilit\u00e0 di migliorare ulteriormente le sue prestazioni tramite aggiornamenti di memoria e disco. \u00c8 possibile espandere la RAM e aggiornare l\u2019SSD per adattarsi alle esigenze in continua evoluzione. &lt;b&gt;Consultate sempre un esperto prima di eseguire l&#039;aggiornamento&lt;\/b&gt;.<\/p>\n<p>&lt;H2&gt;Perch\u00e9 scegliere un dispositivo ricondizionato&lt;\/H2&gt;<br \/>\nOptare per un dispositivo ricondizionato rappresenta una scelta intelligente e sostenibile. Grazie a un &lt;b&gt;servizio professionale di ricondizionamento&lt;\/b&gt; e a un &lt;b&gt;sistema standardizzato di valutazione della qualit\u00e0&lt;\/b&gt;, si ottiene un laptop che non solo \u00e8 amico dell&#039;ambiente, ma offre anche un valore eccellente a un prezzo competitivo. Scegliere un ricondizionato significa fidarsi della qualit\u00e0 e performance senza compromessi.&lt;h2&gt;Scatola aperta&lt;\/h2&gt;&#13;<br \/>\n&lt;p&gt;Quasi nessun segno di usura. Qualit\u00e0 uguale ai nuovi. Nella maggior parte dei casi si tratta di eccedenze di produzione e scorte invendute, in cui le differenze rispetto ai dispositivi nuovi non sono percepibili.&lt;\/p&gt;&#13;<\/p>\n","protected":false},"excerpt":{"rendered":"<p>Intel Core i5-1334U (1,3 GHz), 16\u00a0GB DDR4-3200, SSD\u00a0512 GB M.2 SSD NVMe, 39,6 cm (15,6\u2033)\u00a0FHD (1920&#215;1080) UWVA IPS LED 60 Hz, Intel Iris\u00a0Xe Graphics (IGP), HDMI 2.1, 1x Thunderbolt 4 (USB-C\/DisplayPort, 40 Gbps), 2x USB-A 3.2 Gen1 (5Gbps), 1x USB-C 3.2 Gen2 (DisplayPort &#8211; 10Gbps),\u00a0Wi-Fi 6E, Bluetooth 5.3, Gb LAN, Fingerprint, Webcam, Backlit\u00a0Kbd., Microsoft Windows 11 Home (64-bit)<\/p>\n","protected":false},"featured_media":103732,"template":"","meta":{"inline_featured_image":false},"product_brand":[],"product_cat":[940,831,5877,5876,895,835,833],"product_tag":[],"class_list":{"0":"post-103731","1":"product","2":"type-product","3":"status-publish","4":"has-post-thumbnail","6":"product_cat-hp-portatili","7":"product_cat-laptop","8":"product_cat-notebook-per-uso-aziendale","9":"product_cat-notebook-per-uso-domestico","10":"product_cat-portatili-15-inch","11":"product_cat-portatili-i5","12":"product_cat-ricerca-preferita","13":"pa_fingerprint-si","15":"first","16":"instock","17":"purchasable","18":"product-type-simple"},"yoast_head":"<!-- This site is optimized with the Yoast SEO plugin v27.2 - https:\/\/yoast.com\/product\/yoast-seo-wordpress\/ -->\n<title>Laptop HP ProBook 450 G10 | i5-1334U | W11H \/ i5 \/ RAM 16 GB \/ SSD Disk \/ 15,6\u2033 FHD - ricondizionatipro.it<\/title>\n<meta name=\"robots\" content=\"index, follow, max-snippet:-1, max-image-preview:large, max-video-preview:-1\" \/>\n<link rel=\"canonical\" href=\"https:\/\/ricondizionatipro.it\/shop\/prodotto\/laptop-hp-probook-450-g10-i5-1334u-w11h-i5-ram-16-gb-ssd-disk-156\u2033-fhd\/\" \/>\n<meta property=\"og:locale\" content=\"it_IT\" \/>\n<meta property=\"og:type\" content=\"article\" \/>\n<meta property=\"og:title\" content=\"Laptop HP ProBook 450 G10 | i5-1334U | W11H \/ i5 \/ RAM 16 GB \/ SSD Disk \/ 15,6\u2033 FHD - ricondizionatipro.it\" \/>\n<meta property=\"og:description\" content=\"Intel Core i5-1334U (1,3 GHz), 16\u00a0GB DDR4-3200, SSD\u00a0512 GB M.2 SSD NVMe, 39,6 cm (15,6\u2033)\u00a0FHD (1920x1080) UWVA IPS LED 60 Hz, Intel Iris\u00a0Xe Graphics (IGP), HDMI 2.1, 1x Thunderbolt 4 (USB-C\/DisplayPort, 40 Gbps), 2x USB-A 3.2 Gen1 (5Gbps), 1x USB-C 3.2 Gen2 (DisplayPort - 10Gbps),\u00a0Wi-Fi 6E, Bluetooth 5.3, Gb LAN, Fingerprint, Webcam, Backlit\u00a0Kbd., Microsoft Windows 11 Home (64-bit)\" \/>\n<meta property=\"og:url\" content=\"https:\/\/ricondizionatipro.it\/shop\/prodotto\/laptop-hp-probook-450-g10-i5-1334u-w11h-i5-ram-16-gb-ssd-disk-156\u2033-fhd\/\" \/>\n<meta property=\"og:site_name\" content=\"ricondizionatipro.it\" \/>\n<meta property=\"article:publisher\" content=\"https:\/\/www.facebook.com\/ricondizionatipro.it\/\" \/>\n<meta property=\"og:image\" content=\"https:\/\/ricondizionatipro.it\/shop\/wp-content\/uploads\/2026\/04\/e0744c8f-3f17-4f15-b866-6ec2439c2f1d.jpg\" \/>\n\t<meta property=\"og:image:width\" content=\"850\" \/>\n\t<meta property=\"og:image:height\" content=\"652\" \/>\n\t<meta property=\"og:image:type\" content=\"image\/png\" \/>\n<meta name=\"twitter:card\" content=\"summary_large_image\" \/>\n<meta name=\"twitter:label1\" content=\"Tempo di lettura stimato\" \/>\n\t<meta name=\"twitter:data1\" content=\"2 minuti\" \/>\n<script type=\"application\/ld+json\" class=\"yoast-schema-graph\">{\"@context\":\"https:\/\/schema.org\",\"@graph\":[{\"@type\":\"WebPage\",\"@id\":\"https:\/\/ricondizionatipro.it\/shop\/prodotto\/laptop-hp-probook-450-g10-i5-1334u-w11h-i5-ram-16-gb-ssd-disk-156%e2%80%b3-fhd\/\",\"url\":\"https:\/\/ricondizionatipro.it\/shop\/prodotto\/laptop-hp-probook-450-g10-i5-1334u-w11h-i5-ram-16-gb-ssd-disk-156%e2%80%b3-fhd\/\",\"name\":\"Laptop HP ProBook 450 G10 | i5-1334U | W11H \/ i5 \/ RAM 16 GB \/ SSD Disk \/ 15,6\u2033 FHD - ricondizionatipro.it\",\"isPartOf\":{\"@id\":\"https:\/\/ricondizionatipro.it\/shop\/#website\"},\"primaryImageOfPage\":{\"@id\":\"https:\/\/ricondizionatipro.it\/shop\/prodotto\/laptop-hp-probook-450-g10-i5-1334u-w11h-i5-ram-16-gb-ssd-disk-156%e2%80%b3-fhd\/#primaryimage\"},\"image\":{\"@id\":\"https:\/\/ricondizionatipro.it\/shop\/prodotto\/laptop-hp-probook-450-g10-i5-1334u-w11h-i5-ram-16-gb-ssd-disk-156%e2%80%b3-fhd\/#primaryimage\"},\"thumbnailUrl\":\"https:\/\/ricondizionatipro.it\/shop\/wp-content\/uploads\/2026\/04\/e0744c8f-3f17-4f15-b866-6ec2439c2f1d.jpg\",\"datePublished\":\"2026-04-30T02:20:54+00:00\",\"breadcrumb\":{\"@id\":\"https:\/\/ricondizionatipro.it\/shop\/prodotto\/laptop-hp-probook-450-g10-i5-1334u-w11h-i5-ram-16-gb-ssd-disk-156%e2%80%b3-fhd\/#breadcrumb\"},\"inLanguage\":\"it-IT\",\"potentialAction\":[{\"@type\":\"ReadAction\",\"target\":[\"https:\/\/ricondizionatipro.it\/shop\/prodotto\/laptop-hp-probook-450-g10-i5-1334u-w11h-i5-ram-16-gb-ssd-disk-156%e2%80%b3-fhd\/\"]}]},{\"@type\":\"ImageObject\",\"inLanguage\":\"it-IT\",\"@id\":\"https:\/\/ricondizionatipro.it\/shop\/prodotto\/laptop-hp-probook-450-g10-i5-1334u-w11h-i5-ram-16-gb-ssd-disk-156%e2%80%b3-fhd\/#primaryimage\",\"url\":\"https:\/\/ricondizionatipro.it\/shop\/wp-content\/uploads\/2026\/04\/e0744c8f-3f17-4f15-b866-6ec2439c2f1d.jpg\",\"contentUrl\":\"https:\/\/ricondizionatipro.it\/shop\/wp-content\/uploads\/2026\/04\/e0744c8f-3f17-4f15-b866-6ec2439c2f1d.jpg\",\"width\":850,\"height\":652},{\"@type\":\"BreadcrumbList\",\"@id\":\"https:\/\/ricondizionatipro.it\/shop\/prodotto\/laptop-hp-probook-450-g10-i5-1334u-w11h-i5-ram-16-gb-ssd-disk-156%e2%80%b3-fhd\/#breadcrumb\",\"itemListElement\":[{\"@type\":\"ListItem\",\"position\":1,\"name\":\"Home\",\"item\":\"https:\/\/ricondizionatipro.it\/shop\/\"},{\"@type\":\"ListItem\",\"position\":2,\"name\":\"Laptop HP ProBook 450 G10 | i5-1334U | W11H \/ i5 \/ RAM 16 GB \/ SSD Disk \/ 15,6\u2033 FHD\"}]},{\"@type\":\"WebSite\",\"@id\":\"https:\/\/ricondizionatipro.it\/shop\/#website\",\"url\":\"https:\/\/ricondizionatipro.it\/shop\/\",\"name\":\"ricondizionatipro.it\",\"description\":\"computer professionali ricondizionati garantiti\",\"publisher\":{\"@id\":\"https:\/\/ricondizionatipro.it\/shop\/#organization\"},\"potentialAction\":[{\"@type\":\"SearchAction\",\"target\":{\"@type\":\"EntryPoint\",\"urlTemplate\":\"https:\/\/ricondizionatipro.it\/shop\/?s={search_term_string}\"},\"query-input\":{\"@type\":\"PropertyValueSpecification\",\"valueRequired\":true,\"valueName\":\"search_term_string\"}}],\"inLanguage\":\"it-IT\"},{\"@type\":\"Organization\",\"@id\":\"https:\/\/ricondizionatipro.it\/shop\/#organization\",\"name\":\"ricondizionatipro.it\",\"url\":\"https:\/\/ricondizionatipro.it\/shop\/\",\"logo\":{\"@type\":\"ImageObject\",\"inLanguage\":\"it-IT\",\"@id\":\"https:\/\/ricondizionatipro.it\/shop\/#\/schema\/logo\/image\/\",\"url\":\"https:\/\/i0.wp.com\/ricondizionatipro.it\/shop\/wp-content\/uploads\/2022\/04\/ricondizionati-pro-logo-trasparente.png?fit=2309%2C1910&ssl=1\",\"contentUrl\":\"https:\/\/i0.wp.com\/ricondizionatipro.it\/shop\/wp-content\/uploads\/2022\/04\/ricondizionati-pro-logo-trasparente.png?fit=2309%2C1910&ssl=1\",\"width\":2309,\"height\":1910,\"caption\":\"ricondizionatipro.it\"},\"image\":{\"@id\":\"https:\/\/ricondizionatipro.it\/shop\/#\/schema\/logo\/image\/\"},\"sameAs\":[\"https:\/\/www.facebook.com\/ricondizionatipro.it\/\",\"https:\/\/www.instagram.com\/ricondizionatipro.it\/\"]}]}<\/script>\n<!-- \/ Yoast SEO plugin. -->","yoast_head_json":{"title":"Laptop HP ProBook 450 G10 | i5-1334U | W11H \/ i5 \/ RAM 16 GB \/ SSD Disk \/ 15,6\u2033 FHD - ricondizionatipro.it","robots":{"index":"index","follow":"follow","max-snippet":"max-snippet:-1","max-image-preview":"max-image-preview:large","max-video-preview":"max-video-preview:-1"},"canonical":"https:\/\/ricondizionatipro.it\/shop\/prodotto\/laptop-hp-probook-450-g10-i5-1334u-w11h-i5-ram-16-gb-ssd-disk-156\u2033-fhd\/","og_locale":"it_IT","og_type":"article","og_title":"Laptop HP ProBook 450 G10 | i5-1334U | W11H \/ i5 \/ RAM 16 GB \/ SSD Disk \/ 15,6\u2033 FHD - ricondizionatipro.it","og_description":"Intel Core i5-1334U (1,3 GHz), 16\u00a0GB DDR4-3200, SSD\u00a0512 GB M.2 SSD NVMe, 39,6 cm (15,6\u2033)\u00a0FHD (1920x1080) UWVA IPS LED 60 Hz, Intel Iris\u00a0Xe Graphics (IGP), HDMI 2.1, 1x Thunderbolt 4 (USB-C\/DisplayPort, 40 Gbps), 2x USB-A 3.2 Gen1 (5Gbps), 1x USB-C 3.2 Gen2 (DisplayPort - 10Gbps),\u00a0Wi-Fi 6E, Bluetooth 5.3, Gb LAN, Fingerprint, Webcam, Backlit\u00a0Kbd., Microsoft Windows 11 Home (64-bit)","og_url":"https:\/\/ricondizionatipro.it\/shop\/prodotto\/laptop-hp-probook-450-g10-i5-1334u-w11h-i5-ram-16-gb-ssd-disk-156\u2033-fhd\/","og_site_name":"ricondizionatipro.it","article_publisher":"https:\/\/www.facebook.com\/ricondizionatipro.it\/","og_image":[{"width":850,"height":652,"url":"https:\/\/ricondizionatipro.it\/shop\/wp-content\/uploads\/2026\/04\/e0744c8f-3f17-4f15-b866-6ec2439c2f1d.jpg","type":"image\/png"}],"twitter_card":"summary_large_image","twitter_misc":{"Tempo di lettura stimato":"2 minuti"},"schema":{"@context":"https:\/\/schema.org","@graph":[{"@type":"WebPage","@id":"https:\/\/ricondizionatipro.it\/shop\/prodotto\/laptop-hp-probook-450-g10-i5-1334u-w11h-i5-ram-16-gb-ssd-disk-156%e2%80%b3-fhd\/","url":"https:\/\/ricondizionatipro.it\/shop\/prodotto\/laptop-hp-probook-450-g10-i5-1334u-w11h-i5-ram-16-gb-ssd-disk-156%e2%80%b3-fhd\/","name":"Laptop HP ProBook 450 G10 | i5-1334U | W11H \/ i5 \/ RAM 16 GB \/ SSD Disk \/ 15,6\u2033 FHD - ricondizionatipro.it","isPartOf":{"@id":"https:\/\/ricondizionatipro.it\/shop\/#website"},"primaryImageOfPage":{"@id":"https:\/\/ricondizionatipro.it\/shop\/prodotto\/laptop-hp-probook-450-g10-i5-1334u-w11h-i5-ram-16-gb-ssd-disk-156%e2%80%b3-fhd\/#primaryimage"},"image":{"@id":"https:\/\/ricondizionatipro.it\/shop\/prodotto\/laptop-hp-probook-450-g10-i5-1334u-w11h-i5-ram-16-gb-ssd-disk-156%e2%80%b3-fhd\/#primaryimage"},"thumbnailUrl":"https:\/\/ricondizionatipro.it\/shop\/wp-content\/uploads\/2026\/04\/e0744c8f-3f17-4f15-b866-6ec2439c2f1d.jpg","datePublished":"2026-04-30T02:20:54+00:00","breadcrumb":{"@id":"https:\/\/ricondizionatipro.it\/shop\/prodotto\/laptop-hp-probook-450-g10-i5-1334u-w11h-i5-ram-16-gb-ssd-disk-156%e2%80%b3-fhd\/#breadcrumb"},"inLanguage":"it-IT","potentialAction":[{"@type":"ReadAction","target":["https:\/\/ricondizionatipro.it\/shop\/prodotto\/laptop-hp-probook-450-g10-i5-1334u-w11h-i5-ram-16-gb-ssd-disk-156%e2%80%b3-fhd\/"]}]},{"@type":"ImageObject","inLanguage":"it-IT","@id":"https:\/\/ricondizionatipro.it\/shop\/prodotto\/laptop-hp-probook-450-g10-i5-1334u-w11h-i5-ram-16-gb-ssd-disk-156%e2%80%b3-fhd\/#primaryimage","url":"https:\/\/ricondizionatipro.it\/shop\/wp-content\/uploads\/2026\/04\/e0744c8f-3f17-4f15-b866-6ec2439c2f1d.jpg","contentUrl":"https:\/\/ricondizionatipro.it\/shop\/wp-content\/uploads\/2026\/04\/e0744c8f-3f17-4f15-b866-6ec2439c2f1d.jpg","width":850,"height":652},{"@type":"BreadcrumbList","@id":"https:\/\/ricondizionatipro.it\/shop\/prodotto\/laptop-hp-probook-450-g10-i5-1334u-w11h-i5-ram-16-gb-ssd-disk-156%e2%80%b3-fhd\/#breadcrumb","itemListElement":[{"@type":"ListItem","position":1,"name":"Home","item":"https:\/\/ricondizionatipro.it\/shop\/"},{"@type":"ListItem","position":2,"name":"Laptop HP ProBook 450 G10 | i5-1334U | W11H \/ i5 \/ RAM 16 GB \/ SSD Disk \/ 15,6\u2033 FHD"}]},{"@type":"WebSite","@id":"https:\/\/ricondizionatipro.it\/shop\/#website","url":"https:\/\/ricondizionatipro.it\/shop\/","name":"ricondizionatipro.it","description":"computer professionali ricondizionati garantiti","publisher":{"@id":"https:\/\/ricondizionatipro.it\/shop\/#organization"},"potentialAction":[{"@type":"SearchAction","target":{"@type":"EntryPoint","urlTemplate":"https:\/\/ricondizionatipro.it\/shop\/?s={search_term_string}"},"query-input":{"@type":"PropertyValueSpecification","valueRequired":true,"valueName":"search_term_string"}}],"inLanguage":"it-IT"},{"@type":"Organization","@id":"https:\/\/ricondizionatipro.it\/shop\/#organization","name":"ricondizionatipro.it","url":"https:\/\/ricondizionatipro.it\/shop\/","logo":{"@type":"ImageObject","inLanguage":"it-IT","@id":"https:\/\/ricondizionatipro.it\/shop\/#\/schema\/logo\/image\/","url":"https:\/\/i0.wp.com\/ricondizionatipro.it\/shop\/wp-content\/uploads\/2022\/04\/ricondizionati-pro-logo-trasparente.png?fit=2309%2C1910&ssl=1","contentUrl":"https:\/\/i0.wp.com\/ricondizionatipro.it\/shop\/wp-content\/uploads\/2022\/04\/ricondizionati-pro-logo-trasparente.png?fit=2309%2C1910&ssl=1","width":2309,"height":1910,"caption":"ricondizionatipro.it"},"image":{"@id":"https:\/\/ricondizionatipro.it\/shop\/#\/schema\/logo\/image\/"},"sameAs":["https:\/\/www.facebook.com\/ricondizionatipro.it\/","https:\/\/www.instagram.com\/ricondizionatipro.it\/"]}]}},"acf":[],"_links":{"self":[{"href":"https:\/\/ricondizionatipro.it\/shop\/wp-json\/wp\/v2\/product\/103731","targetHints":{"allow":["GET"]}}],"collection":[{"href":"https:\/\/ricondizionatipro.it\/shop\/wp-json\/wp\/v2\/product"}],"about":[{"href":"https:\/\/ricondizionatipro.it\/shop\/wp-json\/wp\/v2\/types\/product"}],"wp:featuredmedia":[{"embeddable":true,"href":"https:\/\/ricondizionatipro.it\/shop\/wp-json\/wp\/v2\/media\/103732"}],"wp:attachment":[{"href":"https:\/\/ricondizionatipro.it\/shop\/wp-json\/wp\/v2\/media?parent=103731"}],"wp:term":[{"taxonomy":"product_brand","embeddable":true,"href":"https:\/\/ricondizionatipro.it\/shop\/wp-json\/wp\/v2\/product_brand?post=103731"},{"taxonomy":"product_cat","embeddable":true,"href":"https:\/\/ricondizionatipro.it\/shop\/wp-json\/wp\/v2\/product_cat?post=103731"},{"taxonomy":"product_tag","embeddable":true,"href":"https:\/\/ricondizionatipro.it\/shop\/wp-json\/wp\/v2\/product_tag?post=103731"}],"curies":[{"name":"wp","href":"https:\/\/api.w.org\/{rel}","templated":true}]}}