{"id":101969,"date":"2026-04-26T10:10:23","date_gmt":"2026-04-26T08:10:23","guid":{"rendered":"https:\/\/ricondizionatipro.it\/shop\/prodotto\/laptop-lenovo-thinkpad-x1-carbon-g8-i5-ram-16-gb-ssd-disk-140%e2%80%b3-fhd-5\/"},"modified":"2026-04-26T10:10:24","modified_gmt":"2026-04-26T08:10:24","slug":"laptop-lenovo-thinkpad-x1-carbon-g8-i5-ram-16-gb-ssd-disk-140%e2%80%b3-fhd-5","status":"publish","type":"product","link":"https:\/\/ricondizionatipro.it\/shop\/prodotto\/laptop-lenovo-thinkpad-x1-carbon-g8-i5-ram-16-gb-ssd-disk-140%e2%80%b3-fhd-5\/","title":{"rendered":"Laptop Lenovo ThinkPad X1 Carbon G8 \/ i5 \/ RAM 16 GB \/ SSD Disk \/ 14,0\u2033 FHD"},"content":{"rendered":"<p>Il Lenovo ThinkPad X1 Carbon G8 \u00e8 un laptop elegante e potente, ideale per chi cerca prestazioni di alta qualit\u00e0 in un design compatto e leggero. Con il suo schermo da 14,0&quot; con risoluzione FHD e tecnologia antiriflesso, \u00e8 perfetto per chi lavora in ambienti luminosi o in movimento.<\/p>\n<p>&lt;H2&gt;Principali vantaggi&lt;\/H2&gt;<br \/>\n&lt;ul&gt;<br \/>\n    &lt;li&gt;&lt;b&gt;Potente e affidabile&lt;\/b&gt;: alimentato da un processore di ultima generazione, offre velocit\u00e0 e capacit\u00e0 di multitasking eccezionali.&lt;\/li&gt;<br \/>\n    &lt;li&gt;&lt;b&gt;Archiviazione rapida&lt;\/b&gt;: l&#039;unit\u00e0 NVMe SSD assicura tempi di caricamento ultra rapidi e una gestione efficiente dei dati.&lt;\/li&gt;<br \/>\n    &lt;li&gt;&lt;b&gt;Esperienza visiva ottimizzata&lt;\/b&gt;: il display FHD antiriflesso garantisce immagini chiare e riduce l&#039;affaticamento visivo.&lt;\/li&gt;<br \/>\n    &lt;li&gt;&lt;b&gt;Design ergonomico&lt;\/b&gt;: leggero e compatto, si adatta perfettamente a ogni borsa, diventando il compagno ideale per chi viaggia spesso.&lt;\/li&gt;<br \/>\n&lt;\/ul&gt;<\/p>\n<p>&lt;H2&gt;Chi acquista questo prodotto&lt;\/H2&gt;<br \/>\nIl Lenovo ThinkPad X1 Carbon \u00e8 l&#039;opzione ideale per professionisti, studenti e imprenditori che necessitano di un dispositivo affidabile e performante. \u00c8 perfetto per chi lavora con software esigenti o in multitasking.<\/p>\n<p>&lt;H2&gt;Possibilit\u00e0 di aggiornamento&lt;\/H2&gt;<br \/>\nQuesto laptop offre la possibilit\u00e0 di migliorare sia la memoria che l&#039;archiviazione, permettendoti di mantenerlo aggiornato con le tue esigenze in continua evoluzione. Consultate sempre un esperto prima di eseguire l&#039;aggiornamento.<\/p>\n<p>&lt;H2&gt;Perch\u00e9 scegliere un dispositivo ricondizionato&lt;\/H2&gt;<br \/>\nOptare per un dispositivo ricondizionato significa scegliere un prodotto che \u00e8 stato sottoposto a un processo di ricondizionamento professionale e valutato attraverso un sistema standardizzato per garantirne la qualit\u00e0. Questo non solo aiuta l&#039;ambiente riducendo gli sprechi, ma offre anche un valore eccezionale, fornendo un dispositivo di alta qualit\u00e0 a un costo ridotto.&lt;h2&gt;Qualit\u00e0 B-&lt;\/h2&gt;&#13;<br \/>\n&lt;p&gt;Segni evidenti di usura. Per chi d\u00e0 pi\u00f9 importanza alla funzionalit\u00e0 che all&#039;aspetto. Parte esterna del dispositivo pu\u00f2 presentare imperfezioni pi\u00f9 evidenti, come danni visibili, graffi o ammaccature. Gli schermi sono funzionali ma possono presentare pi\u00f9 difetti.&lt;\/p&gt;<\/p>\n","protected":false},"excerpt":{"rendered":"<p>Intel\u00ae Core\u2122 i5-10310U \/ 1,7 GHz \/ Quad-Core \/ Turbo Speed 4,4 GHz, 16 GB LPDDR3 ONBOARD, 256 GB NVMe SSD, 35,6 cm (14,0\u2033), Matiran (AntiGlare, matt), FHD \/ 1920 x 1080, Intel\u00ae UHD Graphics (IGP), HDMI, Thunderbolt, 2x USB, Backlit keyboard, bluetooth, No OS Installed &#8211; Win10P COA<\/p>\n","protected":false},"featured_media":97214,"template":"","meta":{"inline_featured_image":false},"product_brand":[],"product_cat":[831,832,5882,894,5877,835,833],"product_tag":[],"class_list":{"0":"post-101969","1":"product","2":"type-product","3":"status-publish","4":"has-post-thumbnail","6":"product_cat-laptop","7":"product_cat-laptop-usati","8":"product_cat-laptop-ultrabook","9":"product_cat-lenovo-portatili","10":"product_cat-notebook-per-uso-aziendale","11":"product_cat-portatili-i5","12":"product_cat-ricerca-preferita","14":"first","15":"instock","16":"purchasable","17":"product-type-simple"},"yoast_head":"<!-- This site is optimized with the Yoast SEO plugin v27.2 - https:\/\/yoast.com\/product\/yoast-seo-wordpress\/ -->\n<title>Laptop Lenovo ThinkPad X1 Carbon G8 \/ i5 \/ RAM 16 GB \/ SSD Disk \/ 14,0\u2033 FHD - ricondizionatipro.it<\/title>\n<meta name=\"robots\" content=\"index, follow, max-snippet:-1, max-image-preview:large, max-video-preview:-1\" \/>\n<link rel=\"canonical\" href=\"https:\/\/ricondizionatipro.it\/shop\/prodotto\/laptop-lenovo-thinkpad-x1-carbon-g8-i5-ram-16-gb-ssd-disk-140\u2033-fhd-5\/\" \/>\n<meta property=\"og:locale\" content=\"it_IT\" \/>\n<meta property=\"og:type\" content=\"article\" \/>\n<meta property=\"og:title\" content=\"Laptop Lenovo ThinkPad X1 Carbon G8 \/ i5 \/ RAM 16 GB \/ SSD Disk \/ 14,0\u2033 FHD - ricondizionatipro.it\" \/>\n<meta property=\"og:description\" content=\"Intel\u00ae Core\u2122 i5-10310U \/ 1,7 GHz \/ Quad-Core \/ Turbo Speed 4,4 GHz, 16 GB LPDDR3 ONBOARD, 256 GB NVMe SSD, 35,6 cm (14,0\u2033), Matiran (AntiGlare, matt), FHD \/ 1920 x 1080, Intel\u00ae UHD Graphics (IGP), HDMI, Thunderbolt, 2x USB, Backlit keyboard, bluetooth, No OS Installed - Win10P COA\" \/>\n<meta property=\"og:url\" content=\"https:\/\/ricondizionatipro.it\/shop\/prodotto\/laptop-lenovo-thinkpad-x1-carbon-g8-i5-ram-16-gb-ssd-disk-140\u2033-fhd-5\/\" \/>\n<meta property=\"og:site_name\" content=\"ricondizionatipro.it\" \/>\n<meta property=\"article:publisher\" content=\"https:\/\/www.facebook.com\/ricondizionatipro.it\/\" \/>\n<meta property=\"article:modified_time\" content=\"2026-04-26T08:10:24+00:00\" \/>\n<meta property=\"og:image\" content=\"https:\/\/ricondizionatipro.it\/shop\/wp-content\/uploads\/2026\/02\/lenovo-tp-x1-carbon-g8-10310u-1634022663.jpg\" \/>\n\t<meta property=\"og:image:width\" content=\"700\" \/>\n\t<meta property=\"og:image:height\" content=\"543\" \/>\n\t<meta property=\"og:image:type\" content=\"image\/jpeg\" \/>\n<meta name=\"twitter:card\" content=\"summary_large_image\" \/>\n<meta name=\"twitter:label1\" content=\"Tempo di lettura stimato\" \/>\n\t<meta name=\"twitter:data1\" content=\"2 minuti\" \/>\n<script type=\"application\/ld+json\" class=\"yoast-schema-graph\">{\"@context\":\"https:\/\/schema.org\",\"@graph\":[{\"@type\":\"WebPage\",\"@id\":\"https:\/\/ricondizionatipro.it\/shop\/prodotto\/laptop-lenovo-thinkpad-x1-carbon-g8-i5-ram-16-gb-ssd-disk-140%e2%80%b3-fhd-5\/\",\"url\":\"https:\/\/ricondizionatipro.it\/shop\/prodotto\/laptop-lenovo-thinkpad-x1-carbon-g8-i5-ram-16-gb-ssd-disk-140%e2%80%b3-fhd-5\/\",\"name\":\"Laptop Lenovo ThinkPad X1 Carbon G8 \/ i5 \/ RAM 16 GB \/ SSD Disk \/ 14,0\u2033 FHD - ricondizionatipro.it\",\"isPartOf\":{\"@id\":\"https:\/\/ricondizionatipro.it\/shop\/#website\"},\"primaryImageOfPage\":{\"@id\":\"https:\/\/ricondizionatipro.it\/shop\/prodotto\/laptop-lenovo-thinkpad-x1-carbon-g8-i5-ram-16-gb-ssd-disk-140%e2%80%b3-fhd-5\/#primaryimage\"},\"image\":{\"@id\":\"https:\/\/ricondizionatipro.it\/shop\/prodotto\/laptop-lenovo-thinkpad-x1-carbon-g8-i5-ram-16-gb-ssd-disk-140%e2%80%b3-fhd-5\/#primaryimage\"},\"thumbnailUrl\":\"https:\/\/ricondizionatipro.it\/shop\/wp-content\/uploads\/2026\/02\/lenovo-tp-x1-carbon-g8-10310u-1634022663.jpg\",\"datePublished\":\"2026-04-26T08:10:23+00:00\",\"dateModified\":\"2026-04-26T08:10:24+00:00\",\"breadcrumb\":{\"@id\":\"https:\/\/ricondizionatipro.it\/shop\/prodotto\/laptop-lenovo-thinkpad-x1-carbon-g8-i5-ram-16-gb-ssd-disk-140%e2%80%b3-fhd-5\/#breadcrumb\"},\"inLanguage\":\"it-IT\",\"potentialAction\":[{\"@type\":\"ReadAction\",\"target\":[\"https:\/\/ricondizionatipro.it\/shop\/prodotto\/laptop-lenovo-thinkpad-x1-carbon-g8-i5-ram-16-gb-ssd-disk-140%e2%80%b3-fhd-5\/\"]}]},{\"@type\":\"ImageObject\",\"inLanguage\":\"it-IT\",\"@id\":\"https:\/\/ricondizionatipro.it\/shop\/prodotto\/laptop-lenovo-thinkpad-x1-carbon-g8-i5-ram-16-gb-ssd-disk-140%e2%80%b3-fhd-5\/#primaryimage\",\"url\":\"https:\/\/ricondizionatipro.it\/shop\/wp-content\/uploads\/2026\/02\/lenovo-tp-x1-carbon-g8-10310u-1634022663.jpg\",\"contentUrl\":\"https:\/\/ricondizionatipro.it\/shop\/wp-content\/uploads\/2026\/02\/lenovo-tp-x1-carbon-g8-10310u-1634022663.jpg\",\"width\":700,\"height\":543},{\"@type\":\"BreadcrumbList\",\"@id\":\"https:\/\/ricondizionatipro.it\/shop\/prodotto\/laptop-lenovo-thinkpad-x1-carbon-g8-i5-ram-16-gb-ssd-disk-140%e2%80%b3-fhd-5\/#breadcrumb\",\"itemListElement\":[{\"@type\":\"ListItem\",\"position\":1,\"name\":\"Home\",\"item\":\"https:\/\/ricondizionatipro.it\/shop\/\"},{\"@type\":\"ListItem\",\"position\":2,\"name\":\"Laptop Lenovo ThinkPad X1 Carbon G8 \/ i5 \/ RAM 16 GB \/ SSD Disk \/ 14,0\u2033 FHD\"}]},{\"@type\":\"WebSite\",\"@id\":\"https:\/\/ricondizionatipro.it\/shop\/#website\",\"url\":\"https:\/\/ricondizionatipro.it\/shop\/\",\"name\":\"ricondizionatipro.it\",\"description\":\"computer professionali ricondizionati garantiti\",\"publisher\":{\"@id\":\"https:\/\/ricondizionatipro.it\/shop\/#organization\"},\"potentialAction\":[{\"@type\":\"SearchAction\",\"target\":{\"@type\":\"EntryPoint\",\"urlTemplate\":\"https:\/\/ricondizionatipro.it\/shop\/?s={search_term_string}\"},\"query-input\":{\"@type\":\"PropertyValueSpecification\",\"valueRequired\":true,\"valueName\":\"search_term_string\"}}],\"inLanguage\":\"it-IT\"},{\"@type\":\"Organization\",\"@id\":\"https:\/\/ricondizionatipro.it\/shop\/#organization\",\"name\":\"ricondizionatipro.it\",\"url\":\"https:\/\/ricondizionatipro.it\/shop\/\",\"logo\":{\"@type\":\"ImageObject\",\"inLanguage\":\"it-IT\",\"@id\":\"https:\/\/ricondizionatipro.it\/shop\/#\/schema\/logo\/image\/\",\"url\":\"https:\/\/i0.wp.com\/ricondizionatipro.it\/shop\/wp-content\/uploads\/2022\/04\/ricondizionati-pro-logo-trasparente.png?fit=2309%2C1910&ssl=1\",\"contentUrl\":\"https:\/\/i0.wp.com\/ricondizionatipro.it\/shop\/wp-content\/uploads\/2022\/04\/ricondizionati-pro-logo-trasparente.png?fit=2309%2C1910&ssl=1\",\"width\":2309,\"height\":1910,\"caption\":\"ricondizionatipro.it\"},\"image\":{\"@id\":\"https:\/\/ricondizionatipro.it\/shop\/#\/schema\/logo\/image\/\"},\"sameAs\":[\"https:\/\/www.facebook.com\/ricondizionatipro.it\/\",\"https:\/\/www.instagram.com\/ricondizionatipro.it\/\"]}]}<\/script>\n<!-- \/ Yoast SEO plugin. -->","yoast_head_json":{"title":"Laptop Lenovo ThinkPad X1 Carbon G8 \/ i5 \/ RAM 16 GB \/ SSD Disk \/ 14,0\u2033 FHD - ricondizionatipro.it","robots":{"index":"index","follow":"follow","max-snippet":"max-snippet:-1","max-image-preview":"max-image-preview:large","max-video-preview":"max-video-preview:-1"},"canonical":"https:\/\/ricondizionatipro.it\/shop\/prodotto\/laptop-lenovo-thinkpad-x1-carbon-g8-i5-ram-16-gb-ssd-disk-140\u2033-fhd-5\/","og_locale":"it_IT","og_type":"article","og_title":"Laptop Lenovo ThinkPad X1 Carbon G8 \/ i5 \/ RAM 16 GB \/ SSD Disk \/ 14,0\u2033 FHD - ricondizionatipro.it","og_description":"Intel\u00ae Core\u2122 i5-10310U \/ 1,7 GHz \/ Quad-Core \/ Turbo Speed 4,4 GHz, 16 GB LPDDR3 ONBOARD, 256 GB NVMe SSD, 35,6 cm (14,0\u2033), Matiran (AntiGlare, matt), FHD \/ 1920 x 1080, Intel\u00ae UHD Graphics (IGP), HDMI, Thunderbolt, 2x USB, Backlit keyboard, bluetooth, No OS Installed - Win10P COA","og_url":"https:\/\/ricondizionatipro.it\/shop\/prodotto\/laptop-lenovo-thinkpad-x1-carbon-g8-i5-ram-16-gb-ssd-disk-140\u2033-fhd-5\/","og_site_name":"ricondizionatipro.it","article_publisher":"https:\/\/www.facebook.com\/ricondizionatipro.it\/","article_modified_time":"2026-04-26T08:10:24+00:00","og_image":[{"width":700,"height":543,"url":"https:\/\/ricondizionatipro.it\/shop\/wp-content\/uploads\/2026\/02\/lenovo-tp-x1-carbon-g8-10310u-1634022663.jpg","type":"image\/jpeg"}],"twitter_card":"summary_large_image","twitter_misc":{"Tempo di lettura stimato":"2 minuti"},"schema":{"@context":"https:\/\/schema.org","@graph":[{"@type":"WebPage","@id":"https:\/\/ricondizionatipro.it\/shop\/prodotto\/laptop-lenovo-thinkpad-x1-carbon-g8-i5-ram-16-gb-ssd-disk-140%e2%80%b3-fhd-5\/","url":"https:\/\/ricondizionatipro.it\/shop\/prodotto\/laptop-lenovo-thinkpad-x1-carbon-g8-i5-ram-16-gb-ssd-disk-140%e2%80%b3-fhd-5\/","name":"Laptop Lenovo ThinkPad X1 Carbon G8 \/ i5 \/ RAM 16 GB \/ SSD Disk \/ 14,0\u2033 FHD - ricondizionatipro.it","isPartOf":{"@id":"https:\/\/ricondizionatipro.it\/shop\/#website"},"primaryImageOfPage":{"@id":"https:\/\/ricondizionatipro.it\/shop\/prodotto\/laptop-lenovo-thinkpad-x1-carbon-g8-i5-ram-16-gb-ssd-disk-140%e2%80%b3-fhd-5\/#primaryimage"},"image":{"@id":"https:\/\/ricondizionatipro.it\/shop\/prodotto\/laptop-lenovo-thinkpad-x1-carbon-g8-i5-ram-16-gb-ssd-disk-140%e2%80%b3-fhd-5\/#primaryimage"},"thumbnailUrl":"https:\/\/ricondizionatipro.it\/shop\/wp-content\/uploads\/2026\/02\/lenovo-tp-x1-carbon-g8-10310u-1634022663.jpg","datePublished":"2026-04-26T08:10:23+00:00","dateModified":"2026-04-26T08:10:24+00:00","breadcrumb":{"@id":"https:\/\/ricondizionatipro.it\/shop\/prodotto\/laptop-lenovo-thinkpad-x1-carbon-g8-i5-ram-16-gb-ssd-disk-140%e2%80%b3-fhd-5\/#breadcrumb"},"inLanguage":"it-IT","potentialAction":[{"@type":"ReadAction","target":["https:\/\/ricondizionatipro.it\/shop\/prodotto\/laptop-lenovo-thinkpad-x1-carbon-g8-i5-ram-16-gb-ssd-disk-140%e2%80%b3-fhd-5\/"]}]},{"@type":"ImageObject","inLanguage":"it-IT","@id":"https:\/\/ricondizionatipro.it\/shop\/prodotto\/laptop-lenovo-thinkpad-x1-carbon-g8-i5-ram-16-gb-ssd-disk-140%e2%80%b3-fhd-5\/#primaryimage","url":"https:\/\/ricondizionatipro.it\/shop\/wp-content\/uploads\/2026\/02\/lenovo-tp-x1-carbon-g8-10310u-1634022663.jpg","contentUrl":"https:\/\/ricondizionatipro.it\/shop\/wp-content\/uploads\/2026\/02\/lenovo-tp-x1-carbon-g8-10310u-1634022663.jpg","width":700,"height":543},{"@type":"BreadcrumbList","@id":"https:\/\/ricondizionatipro.it\/shop\/prodotto\/laptop-lenovo-thinkpad-x1-carbon-g8-i5-ram-16-gb-ssd-disk-140%e2%80%b3-fhd-5\/#breadcrumb","itemListElement":[{"@type":"ListItem","position":1,"name":"Home","item":"https:\/\/ricondizionatipro.it\/shop\/"},{"@type":"ListItem","position":2,"name":"Laptop Lenovo ThinkPad X1 Carbon G8 \/ i5 \/ RAM 16 GB \/ SSD Disk \/ 14,0\u2033 FHD"}]},{"@type":"WebSite","@id":"https:\/\/ricondizionatipro.it\/shop\/#website","url":"https:\/\/ricondizionatipro.it\/shop\/","name":"ricondizionatipro.it","description":"computer professionali ricondizionati garantiti","publisher":{"@id":"https:\/\/ricondizionatipro.it\/shop\/#organization"},"potentialAction":[{"@type":"SearchAction","target":{"@type":"EntryPoint","urlTemplate":"https:\/\/ricondizionatipro.it\/shop\/?s={search_term_string}"},"query-input":{"@type":"PropertyValueSpecification","valueRequired":true,"valueName":"search_term_string"}}],"inLanguage":"it-IT"},{"@type":"Organization","@id":"https:\/\/ricondizionatipro.it\/shop\/#organization","name":"ricondizionatipro.it","url":"https:\/\/ricondizionatipro.it\/shop\/","logo":{"@type":"ImageObject","inLanguage":"it-IT","@id":"https:\/\/ricondizionatipro.it\/shop\/#\/schema\/logo\/image\/","url":"https:\/\/i0.wp.com\/ricondizionatipro.it\/shop\/wp-content\/uploads\/2022\/04\/ricondizionati-pro-logo-trasparente.png?fit=2309%2C1910&ssl=1","contentUrl":"https:\/\/i0.wp.com\/ricondizionatipro.it\/shop\/wp-content\/uploads\/2022\/04\/ricondizionati-pro-logo-trasparente.png?fit=2309%2C1910&ssl=1","width":2309,"height":1910,"caption":"ricondizionatipro.it"},"image":{"@id":"https:\/\/ricondizionatipro.it\/shop\/#\/schema\/logo\/image\/"},"sameAs":["https:\/\/www.facebook.com\/ricondizionatipro.it\/","https:\/\/www.instagram.com\/ricondizionatipro.it\/"]}]}},"acf":[],"_links":{"self":[{"href":"https:\/\/ricondizionatipro.it\/shop\/wp-json\/wp\/v2\/product\/101969","targetHints":{"allow":["GET"]}}],"collection":[{"href":"https:\/\/ricondizionatipro.it\/shop\/wp-json\/wp\/v2\/product"}],"about":[{"href":"https:\/\/ricondizionatipro.it\/shop\/wp-json\/wp\/v2\/types\/product"}],"wp:featuredmedia":[{"embeddable":true,"href":"https:\/\/ricondizionatipro.it\/shop\/wp-json\/wp\/v2\/media\/97214"}],"wp:attachment":[{"href":"https:\/\/ricondizionatipro.it\/shop\/wp-json\/wp\/v2\/media?parent=101969"}],"wp:term":[{"taxonomy":"product_brand","embeddable":true,"href":"https:\/\/ricondizionatipro.it\/shop\/wp-json\/wp\/v2\/product_brand?post=101969"},{"taxonomy":"product_cat","embeddable":true,"href":"https:\/\/ricondizionatipro.it\/shop\/wp-json\/wp\/v2\/product_cat?post=101969"},{"taxonomy":"product_tag","embeddable":true,"href":"https:\/\/ricondizionatipro.it\/shop\/wp-json\/wp\/v2\/product_tag?post=101969"}],"curies":[{"name":"wp","href":"https:\/\/api.w.org\/{rel}","templated":true}]}}