{"id":101863,"date":"2026-04-26T09:50:38","date_gmt":"2026-04-26T07:50:38","guid":{"rendered":"https:\/\/ricondizionatipro.it\/shop\/prodotto\/laptop-lenovo-thinkpad-x13-g2-i5-ram-16-gb-ssd-disk-133%e2%80%b3-wuxga-2\/"},"modified":"2026-04-26T09:50:38","modified_gmt":"2026-04-26T07:50:38","slug":"laptop-lenovo-thinkpad-x13-g2-i5-ram-16-gb-ssd-disk-133%e2%80%b3-wuxga","status":"publish","type":"product","link":"https:\/\/ricondizionatipro.it\/shop\/prodotto\/laptop-lenovo-thinkpad-x13-g2-i5-ram-16-gb-ssd-disk-133%e2%80%b3-wuxga\/","title":{"rendered":"Laptop Lenovo ThinkPad X13 G2 \/ i5 \/ RAM 16 GB \/ SSD Disk \/ 13,3\u2033 WUXGA"},"content":{"rendered":"<p>Il Lenovo ThinkPad X13 G2 \u00e8 la perfetta combinazione di prestazioni e portabilit\u00e0. Questo laptop, progettato con attenzione ai dettagli, offre un&#039;esperienza utente fluida grazie al suo schermo antiriflesso da 13,3&quot; FHD, permettendo una visione chiara anche nelle condizioni di luce pi\u00f9 difficili.<\/p>\n<p>&lt;H2&gt;Principali vantaggi&lt;\/H2&gt;<br \/>\n&lt;ul&gt;<br \/>\n&lt;li&gt;&lt;b&gt;Prestazioni elevate&lt;\/b&gt; grazie al processore I5 e alla grafica Intel Iris XE&lt;\/li&gt;<br \/>\n&lt;li&gt;&lt;b&gt;Memoria e archiviazione veloci&lt;\/b&gt; con RAM ad alta capacit\u00e0 e disco NVMe, noto per la sua straordinaria velocit\u00e0&lt;\/li&gt;<br \/>\n&lt;li&gt;&lt;b&gt;Connettivit\u00e0 versatile&lt;\/b&gt; con HDMI, Thunderbolt e Bluetooth per una comunicazione senza sforzo&lt;\/li&gt;<br \/>\n&lt;li&gt;&lt;b&gt;Design compatto e leggero&lt;\/b&gt;, ideale per il professionista in movimento&lt;\/li&gt;<br \/>\n&lt;\/ul&gt;<\/p>\n<p>&lt;H2&gt;Chi acquista questo prodotto&lt;\/H2&gt;<br \/>\nIl Lenovo ThinkPad X13 G2 \u00e8 ideale per professionisti e studenti che necessitano di un dispositivo affidabile per attivit\u00e0 multitasking, presentazioni e gestione di documenti. \u00c8 perfetto per chi cerca potenza in un formato compatto.<\/p>\n<p>&lt;H2&gt;Possibilit\u00e0 di aggiornamento&lt;\/H2&gt;<br \/>\nQuesto laptop offre la flessibilit\u00e0 di aggiornamenti futuri per memoria e disco, consentendo di mantenere il dispositivo all&#039;avanguardia nel tempo. &lt;b&gt;Consultate sempre un esperto prima di eseguire l&#039;aggiornamento&lt;\/b&gt;.<\/p>\n<p>&lt;H2&gt;Perch\u00e9 scegliere un dispositivo ricondizionato&lt;\/H2&gt;<br \/>\nScegliere un dispositivo ricondizionato come il Lenovo ThinkPad X13 G2 significa optare per un prodotto che ha superato un rigoroso processo di ricondizionamento professionale e una valutazione della qualit\u00e0 standardizzata. Questo garantisce le massime prestazioni al miglior rapporto qualit\u00e0-prezzo, contribuendo inoltre a ridurre l&#039;impatto ambientale.&lt;h2&gt;Qualit\u00e0 A-&lt;\/h2&gt;&#13;<br \/>\n&lt;p&gt;Segni di usura. Il miglior rapporto qualit\u00e0-prezzo. Parte esterna dei dispositivi pu\u00f2 presentare piccole imperfezioni, come graffi visibili che non influenzano il funzionamento del dispositivo. Gli schermi possono avere leggere imperfezioni che sono lievemente visibili ma non disturbano l&#039;utente durante l&#039;uso del dispositivo.&lt;\/p&gt;<\/p>\n","protected":false},"excerpt":{"rendered":"<p>Intel\u00ae Core\u2122 i5-1145G7 \/ 2,6 GHz \/ Quad-Core (4C\/8T) \/ Turbo Speed 4,4 GHz, 16 GB LPDDR4 ONBOARD, 256 GB NVMe SSD, 33,8 cm (13,3\u2033), Matiran (AntiGlare, matt), WUXGA \/ 1920 x 1200, Intel\u00ae Iris\u00ae Xe Graphics, HDMI, Thunderbolt, 2x USB, bluetooth, No OS Installed &#8211; Win10P COA<\/p>\n","protected":false},"featured_media":101978,"template":"","meta":{"inline_featured_image":false},"product_brand":[],"product_cat":[831,832,5882,894,5877,835,833],"product_tag":[],"class_list":{"0":"post-101863","1":"product","2":"type-product","3":"status-publish","4":"has-post-thumbnail","6":"product_cat-laptop","7":"product_cat-laptop-usati","8":"product_cat-laptop-ultrabook","9":"product_cat-lenovo-portatili","10":"product_cat-notebook-per-uso-aziendale","11":"product_cat-portatili-i5","12":"product_cat-ricerca-preferita","14":"first","15":"instock","16":"purchasable","17":"product-type-simple"},"yoast_head":"<!-- This site is optimized with the Yoast SEO plugin v27.2 - https:\/\/yoast.com\/product\/yoast-seo-wordpress\/ -->\n<title>Laptop Lenovo ThinkPad X13 G2 \/ i5 \/ RAM 16 GB \/ SSD Disk \/ 13,3\u2033 WUXGA - ricondizionatipro.it<\/title>\n<meta name=\"robots\" content=\"index, follow, max-snippet:-1, max-image-preview:large, max-video-preview:-1\" \/>\n<link rel=\"canonical\" href=\"https:\/\/ricondizionatipro.it\/shop\/prodotto\/laptop-lenovo-thinkpad-x13-g2-i5-ram-16-gb-ssd-disk-133\u2033-wuxga\/\" \/>\n<meta property=\"og:locale\" content=\"it_IT\" \/>\n<meta property=\"og:type\" content=\"article\" \/>\n<meta property=\"og:title\" content=\"Laptop Lenovo ThinkPad X13 G2 \/ i5 \/ RAM 16 GB \/ SSD Disk \/ 13,3\u2033 WUXGA - ricondizionatipro.it\" \/>\n<meta property=\"og:description\" content=\"Intel\u00ae Core\u2122 i5-1145G7 \/ 2,6 GHz \/ Quad-Core (4C\/8T) \/ Turbo Speed 4,4 GHz, 16 GB LPDDR4 ONBOARD, 256 GB NVMe SSD, 33,8 cm (13,3\u2033), Matiran (AntiGlare, matt), WUXGA \/ 1920 x 1200, Intel\u00ae Iris\u00ae Xe Graphics, HDMI, Thunderbolt, 2x USB, bluetooth, No OS Installed - Win10P COA\" \/>\n<meta property=\"og:url\" content=\"https:\/\/ricondizionatipro.it\/shop\/prodotto\/laptop-lenovo-thinkpad-x13-g2-i5-ram-16-gb-ssd-disk-133\u2033-wuxga\/\" \/>\n<meta property=\"og:site_name\" content=\"ricondizionatipro.it\" \/>\n<meta property=\"article:publisher\" content=\"https:\/\/www.facebook.com\/ricondizionatipro.it\/\" \/>\n<meta property=\"og:image\" content=\"https:\/\/ricondizionatipro.it\/shop\/wp-content\/uploads\/2026\/04\/lenovo-x13-i5-1145g7-1676453271.jpg\" \/>\n\t<meta property=\"og:image:width\" content=\"830\" \/>\n\t<meta property=\"og:image:height\" content=\"490\" \/>\n\t<meta property=\"og:image:type\" content=\"image\/jpeg\" \/>\n<meta name=\"twitter:card\" content=\"summary_large_image\" \/>\n<meta name=\"twitter:label1\" content=\"Tempo di lettura stimato\" \/>\n\t<meta name=\"twitter:data1\" content=\"2 minuti\" \/>\n<script type=\"application\/ld+json\" class=\"yoast-schema-graph\">{\"@context\":\"https:\/\/schema.org\",\"@graph\":[{\"@type\":\"WebPage\",\"@id\":\"https:\/\/ricondizionatipro.it\/shop\/prodotto\/laptop-lenovo-thinkpad-x13-g2-i5-ram-16-gb-ssd-disk-133%e2%80%b3-wuxga\/\",\"url\":\"https:\/\/ricondizionatipro.it\/shop\/prodotto\/laptop-lenovo-thinkpad-x13-g2-i5-ram-16-gb-ssd-disk-133%e2%80%b3-wuxga\/\",\"name\":\"Laptop Lenovo ThinkPad X13 G2 \/ i5 \/ RAM 16 GB \/ SSD Disk \/ 13,3\u2033 WUXGA - ricondizionatipro.it\",\"isPartOf\":{\"@id\":\"https:\/\/ricondizionatipro.it\/shop\/#website\"},\"primaryImageOfPage\":{\"@id\":\"https:\/\/ricondizionatipro.it\/shop\/prodotto\/laptop-lenovo-thinkpad-x13-g2-i5-ram-16-gb-ssd-disk-133%e2%80%b3-wuxga\/#primaryimage\"},\"image\":{\"@id\":\"https:\/\/ricondizionatipro.it\/shop\/prodotto\/laptop-lenovo-thinkpad-x13-g2-i5-ram-16-gb-ssd-disk-133%e2%80%b3-wuxga\/#primaryimage\"},\"thumbnailUrl\":\"https:\/\/ricondizionatipro.it\/shop\/wp-content\/uploads\/2026\/04\/lenovo-x13-i5-1145g7-1676453271.jpg\",\"datePublished\":\"2026-04-26T07:50:38+00:00\",\"breadcrumb\":{\"@id\":\"https:\/\/ricondizionatipro.it\/shop\/prodotto\/laptop-lenovo-thinkpad-x13-g2-i5-ram-16-gb-ssd-disk-133%e2%80%b3-wuxga\/#breadcrumb\"},\"inLanguage\":\"it-IT\",\"potentialAction\":[{\"@type\":\"ReadAction\",\"target\":[\"https:\/\/ricondizionatipro.it\/shop\/prodotto\/laptop-lenovo-thinkpad-x13-g2-i5-ram-16-gb-ssd-disk-133%e2%80%b3-wuxga\/\"]}]},{\"@type\":\"ImageObject\",\"inLanguage\":\"it-IT\",\"@id\":\"https:\/\/ricondizionatipro.it\/shop\/prodotto\/laptop-lenovo-thinkpad-x13-g2-i5-ram-16-gb-ssd-disk-133%e2%80%b3-wuxga\/#primaryimage\",\"url\":\"https:\/\/ricondizionatipro.it\/shop\/wp-content\/uploads\/2026\/04\/lenovo-x13-i5-1145g7-1676453271.jpg\",\"contentUrl\":\"https:\/\/ricondizionatipro.it\/shop\/wp-content\/uploads\/2026\/04\/lenovo-x13-i5-1145g7-1676453271.jpg\",\"width\":830,\"height\":490},{\"@type\":\"BreadcrumbList\",\"@id\":\"https:\/\/ricondizionatipro.it\/shop\/prodotto\/laptop-lenovo-thinkpad-x13-g2-i5-ram-16-gb-ssd-disk-133%e2%80%b3-wuxga\/#breadcrumb\",\"itemListElement\":[{\"@type\":\"ListItem\",\"position\":1,\"name\":\"Home\",\"item\":\"https:\/\/ricondizionatipro.it\/shop\/\"},{\"@type\":\"ListItem\",\"position\":2,\"name\":\"Laptop Lenovo ThinkPad X13 G2 \/ i5 \/ RAM 16 GB \/ SSD Disk \/ 13,3\u2033 WUXGA\"}]},{\"@type\":\"WebSite\",\"@id\":\"https:\/\/ricondizionatipro.it\/shop\/#website\",\"url\":\"https:\/\/ricondizionatipro.it\/shop\/\",\"name\":\"ricondizionatipro.it\",\"description\":\"computer professionali ricondizionati garantiti\",\"publisher\":{\"@id\":\"https:\/\/ricondizionatipro.it\/shop\/#organization\"},\"potentialAction\":[{\"@type\":\"SearchAction\",\"target\":{\"@type\":\"EntryPoint\",\"urlTemplate\":\"https:\/\/ricondizionatipro.it\/shop\/?s={search_term_string}\"},\"query-input\":{\"@type\":\"PropertyValueSpecification\",\"valueRequired\":true,\"valueName\":\"search_term_string\"}}],\"inLanguage\":\"it-IT\"},{\"@type\":\"Organization\",\"@id\":\"https:\/\/ricondizionatipro.it\/shop\/#organization\",\"name\":\"ricondizionatipro.it\",\"url\":\"https:\/\/ricondizionatipro.it\/shop\/\",\"logo\":{\"@type\":\"ImageObject\",\"inLanguage\":\"it-IT\",\"@id\":\"https:\/\/ricondizionatipro.it\/shop\/#\/schema\/logo\/image\/\",\"url\":\"https:\/\/i0.wp.com\/ricondizionatipro.it\/shop\/wp-content\/uploads\/2022\/04\/ricondizionati-pro-logo-trasparente.png?fit=2309%2C1910&ssl=1\",\"contentUrl\":\"https:\/\/i0.wp.com\/ricondizionatipro.it\/shop\/wp-content\/uploads\/2022\/04\/ricondizionati-pro-logo-trasparente.png?fit=2309%2C1910&ssl=1\",\"width\":2309,\"height\":1910,\"caption\":\"ricondizionatipro.it\"},\"image\":{\"@id\":\"https:\/\/ricondizionatipro.it\/shop\/#\/schema\/logo\/image\/\"},\"sameAs\":[\"https:\/\/www.facebook.com\/ricondizionatipro.it\/\",\"https:\/\/www.instagram.com\/ricondizionatipro.it\/\"]}]}<\/script>\n<!-- \/ Yoast SEO plugin. -->","yoast_head_json":{"title":"Laptop Lenovo ThinkPad X13 G2 \/ i5 \/ RAM 16 GB \/ SSD Disk \/ 13,3\u2033 WUXGA - ricondizionatipro.it","robots":{"index":"index","follow":"follow","max-snippet":"max-snippet:-1","max-image-preview":"max-image-preview:large","max-video-preview":"max-video-preview:-1"},"canonical":"https:\/\/ricondizionatipro.it\/shop\/prodotto\/laptop-lenovo-thinkpad-x13-g2-i5-ram-16-gb-ssd-disk-133\u2033-wuxga\/","og_locale":"it_IT","og_type":"article","og_title":"Laptop Lenovo ThinkPad X13 G2 \/ i5 \/ RAM 16 GB \/ SSD Disk \/ 13,3\u2033 WUXGA - ricondizionatipro.it","og_description":"Intel\u00ae Core\u2122 i5-1145G7 \/ 2,6 GHz \/ Quad-Core (4C\/8T) \/ Turbo Speed 4,4 GHz, 16 GB LPDDR4 ONBOARD, 256 GB NVMe SSD, 33,8 cm (13,3\u2033), Matiran (AntiGlare, matt), WUXGA \/ 1920 x 1200, Intel\u00ae Iris\u00ae Xe Graphics, HDMI, Thunderbolt, 2x USB, bluetooth, No OS Installed - Win10P COA","og_url":"https:\/\/ricondizionatipro.it\/shop\/prodotto\/laptop-lenovo-thinkpad-x13-g2-i5-ram-16-gb-ssd-disk-133\u2033-wuxga\/","og_site_name":"ricondizionatipro.it","article_publisher":"https:\/\/www.facebook.com\/ricondizionatipro.it\/","og_image":[{"width":830,"height":490,"url":"https:\/\/ricondizionatipro.it\/shop\/wp-content\/uploads\/2026\/04\/lenovo-x13-i5-1145g7-1676453271.jpg","type":"image\/jpeg"}],"twitter_card":"summary_large_image","twitter_misc":{"Tempo di lettura stimato":"2 minuti"},"schema":{"@context":"https:\/\/schema.org","@graph":[{"@type":"WebPage","@id":"https:\/\/ricondizionatipro.it\/shop\/prodotto\/laptop-lenovo-thinkpad-x13-g2-i5-ram-16-gb-ssd-disk-133%e2%80%b3-wuxga\/","url":"https:\/\/ricondizionatipro.it\/shop\/prodotto\/laptop-lenovo-thinkpad-x13-g2-i5-ram-16-gb-ssd-disk-133%e2%80%b3-wuxga\/","name":"Laptop Lenovo ThinkPad X13 G2 \/ i5 \/ RAM 16 GB \/ SSD Disk \/ 13,3\u2033 WUXGA - ricondizionatipro.it","isPartOf":{"@id":"https:\/\/ricondizionatipro.it\/shop\/#website"},"primaryImageOfPage":{"@id":"https:\/\/ricondizionatipro.it\/shop\/prodotto\/laptop-lenovo-thinkpad-x13-g2-i5-ram-16-gb-ssd-disk-133%e2%80%b3-wuxga\/#primaryimage"},"image":{"@id":"https:\/\/ricondizionatipro.it\/shop\/prodotto\/laptop-lenovo-thinkpad-x13-g2-i5-ram-16-gb-ssd-disk-133%e2%80%b3-wuxga\/#primaryimage"},"thumbnailUrl":"https:\/\/ricondizionatipro.it\/shop\/wp-content\/uploads\/2026\/04\/lenovo-x13-i5-1145g7-1676453271.jpg","datePublished":"2026-04-26T07:50:38+00:00","breadcrumb":{"@id":"https:\/\/ricondizionatipro.it\/shop\/prodotto\/laptop-lenovo-thinkpad-x13-g2-i5-ram-16-gb-ssd-disk-133%e2%80%b3-wuxga\/#breadcrumb"},"inLanguage":"it-IT","potentialAction":[{"@type":"ReadAction","target":["https:\/\/ricondizionatipro.it\/shop\/prodotto\/laptop-lenovo-thinkpad-x13-g2-i5-ram-16-gb-ssd-disk-133%e2%80%b3-wuxga\/"]}]},{"@type":"ImageObject","inLanguage":"it-IT","@id":"https:\/\/ricondizionatipro.it\/shop\/prodotto\/laptop-lenovo-thinkpad-x13-g2-i5-ram-16-gb-ssd-disk-133%e2%80%b3-wuxga\/#primaryimage","url":"https:\/\/ricondizionatipro.it\/shop\/wp-content\/uploads\/2026\/04\/lenovo-x13-i5-1145g7-1676453271.jpg","contentUrl":"https:\/\/ricondizionatipro.it\/shop\/wp-content\/uploads\/2026\/04\/lenovo-x13-i5-1145g7-1676453271.jpg","width":830,"height":490},{"@type":"BreadcrumbList","@id":"https:\/\/ricondizionatipro.it\/shop\/prodotto\/laptop-lenovo-thinkpad-x13-g2-i5-ram-16-gb-ssd-disk-133%e2%80%b3-wuxga\/#breadcrumb","itemListElement":[{"@type":"ListItem","position":1,"name":"Home","item":"https:\/\/ricondizionatipro.it\/shop\/"},{"@type":"ListItem","position":2,"name":"Laptop Lenovo ThinkPad X13 G2 \/ i5 \/ RAM 16 GB \/ SSD Disk \/ 13,3\u2033 WUXGA"}]},{"@type":"WebSite","@id":"https:\/\/ricondizionatipro.it\/shop\/#website","url":"https:\/\/ricondizionatipro.it\/shop\/","name":"ricondizionatipro.it","description":"computer professionali ricondizionati garantiti","publisher":{"@id":"https:\/\/ricondizionatipro.it\/shop\/#organization"},"potentialAction":[{"@type":"SearchAction","target":{"@type":"EntryPoint","urlTemplate":"https:\/\/ricondizionatipro.it\/shop\/?s={search_term_string}"},"query-input":{"@type":"PropertyValueSpecification","valueRequired":true,"valueName":"search_term_string"}}],"inLanguage":"it-IT"},{"@type":"Organization","@id":"https:\/\/ricondizionatipro.it\/shop\/#organization","name":"ricondizionatipro.it","url":"https:\/\/ricondizionatipro.it\/shop\/","logo":{"@type":"ImageObject","inLanguage":"it-IT","@id":"https:\/\/ricondizionatipro.it\/shop\/#\/schema\/logo\/image\/","url":"https:\/\/i0.wp.com\/ricondizionatipro.it\/shop\/wp-content\/uploads\/2022\/04\/ricondizionati-pro-logo-trasparente.png?fit=2309%2C1910&ssl=1","contentUrl":"https:\/\/i0.wp.com\/ricondizionatipro.it\/shop\/wp-content\/uploads\/2022\/04\/ricondizionati-pro-logo-trasparente.png?fit=2309%2C1910&ssl=1","width":2309,"height":1910,"caption":"ricondizionatipro.it"},"image":{"@id":"https:\/\/ricondizionatipro.it\/shop\/#\/schema\/logo\/image\/"},"sameAs":["https:\/\/www.facebook.com\/ricondizionatipro.it\/","https:\/\/www.instagram.com\/ricondizionatipro.it\/"]}]}},"acf":[],"_links":{"self":[{"href":"https:\/\/ricondizionatipro.it\/shop\/wp-json\/wp\/v2\/product\/101863","targetHints":{"allow":["GET"]}}],"collection":[{"href":"https:\/\/ricondizionatipro.it\/shop\/wp-json\/wp\/v2\/product"}],"about":[{"href":"https:\/\/ricondizionatipro.it\/shop\/wp-json\/wp\/v2\/types\/product"}],"wp:featuredmedia":[{"embeddable":true,"href":"https:\/\/ricondizionatipro.it\/shop\/wp-json\/wp\/v2\/media\/101978"}],"wp:attachment":[{"href":"https:\/\/ricondizionatipro.it\/shop\/wp-json\/wp\/v2\/media?parent=101863"}],"wp:term":[{"taxonomy":"product_brand","embeddable":true,"href":"https:\/\/ricondizionatipro.it\/shop\/wp-json\/wp\/v2\/product_brand?post=101863"},{"taxonomy":"product_cat","embeddable":true,"href":"https:\/\/ricondizionatipro.it\/shop\/wp-json\/wp\/v2\/product_cat?post=101863"},{"taxonomy":"product_tag","embeddable":true,"href":"https:\/\/ricondizionatipro.it\/shop\/wp-json\/wp\/v2\/product_tag?post=101863"}],"curies":[{"name":"wp","href":"https:\/\/api.w.org\/{rel}","templated":true}]}}