{"id":100790,"date":"2026-05-01T04:20:23","date_gmt":"2026-05-01T02:20:23","guid":{"rendered":"https:\/\/ricondizionatipro.it\/shop\/prodotto\/laptop-hp-zbook-fury-15-g7-i7-ram-32-gb-ssd-disk-156%e2%80%b3-fhd-8\/"},"modified":"2026-05-01T04:20:23","modified_gmt":"2026-05-01T02:20:23","slug":"laptop-hp-zbook-fury-15-g7-i7-ram-32-gb-ssd-disk-156%e2%80%b3-fhd-7","status":"publish","type":"product","link":"https:\/\/ricondizionatipro.it\/shop\/prodotto\/laptop-hp-zbook-fury-15-g7-i7-ram-32-gb-ssd-disk-156%e2%80%b3-fhd-7\/","title":{"rendered":"Laptop HP ZBook Fury 15 G7 \/ i7 \/ RAM 32 GB \/ SSD Disk \/ 15,6\u2033 FHD"},"content":{"rendered":"<p>Ecco un laptop pensato per chi cerca potenza e affidabilit\u00e0 in ogni aspetto della produttivit\u00e0. Dotato di uno schermo Full HD da 15,6&quot;, questo dispositivo offre un&#039;esperienza visiva nitida e priva di riflessi grazie alla finitura opaca. La combinazione di un processore potente e una scheda grafica dedicata garantisce prestazioni eccellenti.<\/p>\n<p>&lt;H2&gt;Principali vantaggi&lt;\/H2&gt;<br \/>\n&lt;ul&gt;<br \/>\n  &lt;li&gt;Display &lt;b&gt;antiriflesso&lt;\/b&gt; che riduce l&#039;affaticamento visivo&lt;\/li&gt;<br \/>\n  &lt;li&gt;Prestazioni ottimizzate per il multitasking grazie a un processore avanzato&lt;\/li&gt;<br \/>\n  &lt;li&gt;Scheda grafica professionale ideale per applicazioni complesse&lt;\/li&gt;<br \/>\n  &lt;li&gt;Connessioni &lt;b&gt;Thunderbolt&lt;\/b&gt; per un trasferimento dati ultra rapido&lt;\/li&gt;<br \/>\n  &lt;li&gt;Memoria NVMe per tempi di accesso e lettura estremamente veloci&lt;\/li&gt;<br \/>\n&lt;\/ul&gt;<\/p>\n<p>&lt;H2&gt;Chi acquista questo prodotto&lt;\/H2&gt;<br \/>\nProfessionisti della grafica e del design, ingegneri e sviluppatori possono trarre il massimo beneficio da questo laptop. \u00c8 perfetto anche per studenti e professionisti che necessitano di potenza ideale per software di rendering o elaborazione video.<\/p>\n<p>&lt;H2&gt;Possibilit\u00e0 di aggiornamento&lt;\/H2&gt;<br \/>\nI componenti interni, come la memoria e il disco, possono essere facilmente aggiornati per prolungare la vita utile del dispositivo e aumentarne l&#039;efficienza. &lt;b&gt;Consultate sempre un esperto prima di eseguire l&#039;aggiornamento&lt;\/b&gt;.<\/p>\n<p>&lt;H2&gt;Perch\u00e9 scegliere un dispositivo ricondizionato&lt;\/H2&gt;<br \/>\nOptare per un dispositivo ricondizionato non solo significa ottenere un eccellente rapporto qualit\u00e0-prezzo, ma anche fare una scelta ecologica, riducendo lo spreco di risorse. Ogni laptop \u00e8 stato sottoposto a un rigoroso servizio professionale di ricondizionamento, seguito da un sistema standardizzato di valutazione della qualit\u00e0 per garantirne le prestazioni. Con la sicurezza della certificazione e la qualit\u00e0 garantita, \u00e8 un&#039;opportunit\u00e0 imperdibile per avere tecnologia all&#039;avanguardia a un prezzo accessibile.&lt;h2&gt;Qualit\u00e0 A-&lt;\/h2&gt;&#13;<br \/>\n&lt;p&gt;Segni di usura. Il miglior rapporto qualit\u00e0-prezzo. Parte esterna dei dispositivi pu\u00f2 presentare piccole imperfezioni, come graffi visibili che non influenzano il funzionamento del dispositivo. Gli schermi possono avere leggere imperfezioni che sono lievemente visibili ma non disturbano l&#039;utente durante l&#039;uso del dispositivo.&lt;\/p&gt;<\/p>\n","protected":false},"excerpt":{"rendered":"<p>Intel Core i7 10750H \/ 2.60 GHz \/ Hexa-Core \/ 5.00 GHz TurboBoost, 32 GB DDR4 SODIMM, 512 GB NVMe SSD, 39,6 cm (15,6\u2033), Matiran (AntiGlare, matt), FHD \/ 1920 x 1080, NVIDIA Quadro T1000 (4 GB GDDR6), HDMI, Thunderbolt, 2x USB, backlit_kb, Card reader, bluetooth, No OS Installed &#8211; Win10P COA<\/p>\n","protected":false},"featured_media":101273,"template":"","meta":{"inline_featured_image":false},"product_brand":[],"product_cat":[940,831,832,5881,5877,895,852,833],"product_tag":[],"class_list":{"0":"post-100790","1":"product","2":"type-product","3":"status-publish","4":"has-post-thumbnail","6":"product_cat-hp-portatili","7":"product_cat-laptop","8":"product_cat-laptop-usati","9":"product_cat-laptop-workstation","10":"product_cat-notebook-per-uso-aziendale","11":"product_cat-portatili-15-inch","12":"product_cat-portatili-i7","13":"product_cat-ricerca-preferita","15":"first","16":"instock","17":"purchasable","18":"product-type-simple"},"yoast_head":"<!-- This site is optimized with the Yoast SEO plugin v27.2 - https:\/\/yoast.com\/product\/yoast-seo-wordpress\/ -->\n<title>Laptop HP ZBook Fury 15 G7 \/ i7 \/ RAM 32 GB \/ SSD Disk \/ 15,6\u2033 FHD - ricondizionatipro.it<\/title>\n<meta name=\"robots\" content=\"index, follow, max-snippet:-1, max-image-preview:large, max-video-preview:-1\" \/>\n<link rel=\"canonical\" href=\"https:\/\/ricondizionatipro.it\/shop\/prodotto\/laptop-hp-zbook-fury-15-g7-i7-ram-32-gb-ssd-disk-156\u2033-fhd-7\/\" \/>\n<meta property=\"og:locale\" content=\"it_IT\" \/>\n<meta property=\"og:type\" content=\"article\" \/>\n<meta property=\"og:title\" content=\"Laptop HP ZBook Fury 15 G7 \/ i7 \/ RAM 32 GB \/ SSD Disk \/ 15,6\u2033 FHD - ricondizionatipro.it\" \/>\n<meta property=\"og:description\" content=\"Intel Core i7 10750H \/ 2.60 GHz \/ Hexa-Core \/ 5.00 GHz TurboBoost, 32 GB DDR4 SODIMM, 512 GB NVMe SSD, 39,6 cm (15,6\u2033), Matiran (AntiGlare, matt), FHD \/ 1920 x 1080, NVIDIA Quadro T1000 (4 GB GDDR6), HDMI, Thunderbolt, 2x USB, backlit_kb, Card reader, bluetooth, No OS Installed - Win10P COA\" \/>\n<meta property=\"og:url\" content=\"https:\/\/ricondizionatipro.it\/shop\/prodotto\/laptop-hp-zbook-fury-15-g7-i7-ram-32-gb-ssd-disk-156\u2033-fhd-7\/\" \/>\n<meta property=\"og:site_name\" content=\"ricondizionatipro.it\" \/>\n<meta property=\"article:publisher\" content=\"https:\/\/www.facebook.com\/ricondizionatipro.it\/\" \/>\n<meta property=\"og:image\" content=\"https:\/\/ricondizionatipro.it\/shop\/wp-content\/uploads\/2026\/04\/hp_zbook_fury_15_g7_01.jpg\" \/>\n\t<meta property=\"og:image:width\" content=\"739\" \/>\n\t<meta property=\"og:image:height\" content=\"513\" \/>\n\t<meta property=\"og:image:type\" content=\"image\/jpeg\" \/>\n<meta name=\"twitter:card\" content=\"summary_large_image\" \/>\n<meta name=\"twitter:label1\" content=\"Tempo di lettura stimato\" \/>\n\t<meta name=\"twitter:data1\" content=\"2 minuti\" \/>\n<script type=\"application\/ld+json\" class=\"yoast-schema-graph\">{\"@context\":\"https:\/\/schema.org\",\"@graph\":[{\"@type\":\"WebPage\",\"@id\":\"https:\/\/ricondizionatipro.it\/shop\/prodotto\/laptop-hp-zbook-fury-15-g7-i7-ram-32-gb-ssd-disk-156%e2%80%b3-fhd-7\/\",\"url\":\"https:\/\/ricondizionatipro.it\/shop\/prodotto\/laptop-hp-zbook-fury-15-g7-i7-ram-32-gb-ssd-disk-156%e2%80%b3-fhd-7\/\",\"name\":\"Laptop HP ZBook Fury 15 G7 \/ i7 \/ RAM 32 GB \/ SSD Disk \/ 15,6\u2033 FHD - ricondizionatipro.it\",\"isPartOf\":{\"@id\":\"https:\/\/ricondizionatipro.it\/shop\/#website\"},\"primaryImageOfPage\":{\"@id\":\"https:\/\/ricondizionatipro.it\/shop\/prodotto\/laptop-hp-zbook-fury-15-g7-i7-ram-32-gb-ssd-disk-156%e2%80%b3-fhd-7\/#primaryimage\"},\"image\":{\"@id\":\"https:\/\/ricondizionatipro.it\/shop\/prodotto\/laptop-hp-zbook-fury-15-g7-i7-ram-32-gb-ssd-disk-156%e2%80%b3-fhd-7\/#primaryimage\"},\"thumbnailUrl\":\"https:\/\/ricondizionatipro.it\/shop\/wp-content\/uploads\/2026\/04\/hp_zbook_fury_15_g7_01.jpg\",\"datePublished\":\"2026-05-01T02:20:23+00:00\",\"breadcrumb\":{\"@id\":\"https:\/\/ricondizionatipro.it\/shop\/prodotto\/laptop-hp-zbook-fury-15-g7-i7-ram-32-gb-ssd-disk-156%e2%80%b3-fhd-7\/#breadcrumb\"},\"inLanguage\":\"it-IT\",\"potentialAction\":[{\"@type\":\"ReadAction\",\"target\":[\"https:\/\/ricondizionatipro.it\/shop\/prodotto\/laptop-hp-zbook-fury-15-g7-i7-ram-32-gb-ssd-disk-156%e2%80%b3-fhd-7\/\"]}]},{\"@type\":\"ImageObject\",\"inLanguage\":\"it-IT\",\"@id\":\"https:\/\/ricondizionatipro.it\/shop\/prodotto\/laptop-hp-zbook-fury-15-g7-i7-ram-32-gb-ssd-disk-156%e2%80%b3-fhd-7\/#primaryimage\",\"url\":\"https:\/\/ricondizionatipro.it\/shop\/wp-content\/uploads\/2026\/04\/hp_zbook_fury_15_g7_01.jpg\",\"contentUrl\":\"https:\/\/ricondizionatipro.it\/shop\/wp-content\/uploads\/2026\/04\/hp_zbook_fury_15_g7_01.jpg\",\"width\":739,\"height\":513},{\"@type\":\"BreadcrumbList\",\"@id\":\"https:\/\/ricondizionatipro.it\/shop\/prodotto\/laptop-hp-zbook-fury-15-g7-i7-ram-32-gb-ssd-disk-156%e2%80%b3-fhd-7\/#breadcrumb\",\"itemListElement\":[{\"@type\":\"ListItem\",\"position\":1,\"name\":\"Home\",\"item\":\"https:\/\/ricondizionatipro.it\/shop\/\"},{\"@type\":\"ListItem\",\"position\":2,\"name\":\"Laptop HP ZBook Fury 15 G7 \/ i7 \/ RAM 32 GB \/ SSD Disk \/ 15,6\u2033 FHD\"}]},{\"@type\":\"WebSite\",\"@id\":\"https:\/\/ricondizionatipro.it\/shop\/#website\",\"url\":\"https:\/\/ricondizionatipro.it\/shop\/\",\"name\":\"ricondizionatipro.it\",\"description\":\"computer professionali ricondizionati garantiti\",\"publisher\":{\"@id\":\"https:\/\/ricondizionatipro.it\/shop\/#organization\"},\"potentialAction\":[{\"@type\":\"SearchAction\",\"target\":{\"@type\":\"EntryPoint\",\"urlTemplate\":\"https:\/\/ricondizionatipro.it\/shop\/?s={search_term_string}\"},\"query-input\":{\"@type\":\"PropertyValueSpecification\",\"valueRequired\":true,\"valueName\":\"search_term_string\"}}],\"inLanguage\":\"it-IT\"},{\"@type\":\"Organization\",\"@id\":\"https:\/\/ricondizionatipro.it\/shop\/#organization\",\"name\":\"ricondizionatipro.it\",\"url\":\"https:\/\/ricondizionatipro.it\/shop\/\",\"logo\":{\"@type\":\"ImageObject\",\"inLanguage\":\"it-IT\",\"@id\":\"https:\/\/ricondizionatipro.it\/shop\/#\/schema\/logo\/image\/\",\"url\":\"https:\/\/i0.wp.com\/ricondizionatipro.it\/shop\/wp-content\/uploads\/2022\/04\/ricondizionati-pro-logo-trasparente.png?fit=2309%2C1910&ssl=1\",\"contentUrl\":\"https:\/\/i0.wp.com\/ricondizionatipro.it\/shop\/wp-content\/uploads\/2022\/04\/ricondizionati-pro-logo-trasparente.png?fit=2309%2C1910&ssl=1\",\"width\":2309,\"height\":1910,\"caption\":\"ricondizionatipro.it\"},\"image\":{\"@id\":\"https:\/\/ricondizionatipro.it\/shop\/#\/schema\/logo\/image\/\"},\"sameAs\":[\"https:\/\/www.facebook.com\/ricondizionatipro.it\/\",\"https:\/\/www.instagram.com\/ricondizionatipro.it\/\"]}]}<\/script>\n<!-- \/ Yoast SEO plugin. -->","yoast_head_json":{"title":"Laptop HP ZBook Fury 15 G7 \/ i7 \/ RAM 32 GB \/ SSD Disk \/ 15,6\u2033 FHD - ricondizionatipro.it","robots":{"index":"index","follow":"follow","max-snippet":"max-snippet:-1","max-image-preview":"max-image-preview:large","max-video-preview":"max-video-preview:-1"},"canonical":"https:\/\/ricondizionatipro.it\/shop\/prodotto\/laptop-hp-zbook-fury-15-g7-i7-ram-32-gb-ssd-disk-156\u2033-fhd-7\/","og_locale":"it_IT","og_type":"article","og_title":"Laptop HP ZBook Fury 15 G7 \/ i7 \/ RAM 32 GB \/ SSD Disk \/ 15,6\u2033 FHD - ricondizionatipro.it","og_description":"Intel Core i7 10750H \/ 2.60 GHz \/ Hexa-Core \/ 5.00 GHz TurboBoost, 32 GB DDR4 SODIMM, 512 GB NVMe SSD, 39,6 cm (15,6\u2033), Matiran (AntiGlare, matt), FHD \/ 1920 x 1080, NVIDIA Quadro T1000 (4 GB GDDR6), HDMI, Thunderbolt, 2x USB, backlit_kb, Card reader, bluetooth, No OS Installed - Win10P COA","og_url":"https:\/\/ricondizionatipro.it\/shop\/prodotto\/laptop-hp-zbook-fury-15-g7-i7-ram-32-gb-ssd-disk-156\u2033-fhd-7\/","og_site_name":"ricondizionatipro.it","article_publisher":"https:\/\/www.facebook.com\/ricondizionatipro.it\/","og_image":[{"width":739,"height":513,"url":"https:\/\/ricondizionatipro.it\/shop\/wp-content\/uploads\/2026\/04\/hp_zbook_fury_15_g7_01.jpg","type":"image\/jpeg"}],"twitter_card":"summary_large_image","twitter_misc":{"Tempo di lettura stimato":"2 minuti"},"schema":{"@context":"https:\/\/schema.org","@graph":[{"@type":"WebPage","@id":"https:\/\/ricondizionatipro.it\/shop\/prodotto\/laptop-hp-zbook-fury-15-g7-i7-ram-32-gb-ssd-disk-156%e2%80%b3-fhd-7\/","url":"https:\/\/ricondizionatipro.it\/shop\/prodotto\/laptop-hp-zbook-fury-15-g7-i7-ram-32-gb-ssd-disk-156%e2%80%b3-fhd-7\/","name":"Laptop HP ZBook Fury 15 G7 \/ i7 \/ RAM 32 GB \/ SSD Disk \/ 15,6\u2033 FHD - ricondizionatipro.it","isPartOf":{"@id":"https:\/\/ricondizionatipro.it\/shop\/#website"},"primaryImageOfPage":{"@id":"https:\/\/ricondizionatipro.it\/shop\/prodotto\/laptop-hp-zbook-fury-15-g7-i7-ram-32-gb-ssd-disk-156%e2%80%b3-fhd-7\/#primaryimage"},"image":{"@id":"https:\/\/ricondizionatipro.it\/shop\/prodotto\/laptop-hp-zbook-fury-15-g7-i7-ram-32-gb-ssd-disk-156%e2%80%b3-fhd-7\/#primaryimage"},"thumbnailUrl":"https:\/\/ricondizionatipro.it\/shop\/wp-content\/uploads\/2026\/04\/hp_zbook_fury_15_g7_01.jpg","datePublished":"2026-05-01T02:20:23+00:00","breadcrumb":{"@id":"https:\/\/ricondizionatipro.it\/shop\/prodotto\/laptop-hp-zbook-fury-15-g7-i7-ram-32-gb-ssd-disk-156%e2%80%b3-fhd-7\/#breadcrumb"},"inLanguage":"it-IT","potentialAction":[{"@type":"ReadAction","target":["https:\/\/ricondizionatipro.it\/shop\/prodotto\/laptop-hp-zbook-fury-15-g7-i7-ram-32-gb-ssd-disk-156%e2%80%b3-fhd-7\/"]}]},{"@type":"ImageObject","inLanguage":"it-IT","@id":"https:\/\/ricondizionatipro.it\/shop\/prodotto\/laptop-hp-zbook-fury-15-g7-i7-ram-32-gb-ssd-disk-156%e2%80%b3-fhd-7\/#primaryimage","url":"https:\/\/ricondizionatipro.it\/shop\/wp-content\/uploads\/2026\/04\/hp_zbook_fury_15_g7_01.jpg","contentUrl":"https:\/\/ricondizionatipro.it\/shop\/wp-content\/uploads\/2026\/04\/hp_zbook_fury_15_g7_01.jpg","width":739,"height":513},{"@type":"BreadcrumbList","@id":"https:\/\/ricondizionatipro.it\/shop\/prodotto\/laptop-hp-zbook-fury-15-g7-i7-ram-32-gb-ssd-disk-156%e2%80%b3-fhd-7\/#breadcrumb","itemListElement":[{"@type":"ListItem","position":1,"name":"Home","item":"https:\/\/ricondizionatipro.it\/shop\/"},{"@type":"ListItem","position":2,"name":"Laptop HP ZBook Fury 15 G7 \/ i7 \/ RAM 32 GB \/ SSD Disk \/ 15,6\u2033 FHD"}]},{"@type":"WebSite","@id":"https:\/\/ricondizionatipro.it\/shop\/#website","url":"https:\/\/ricondizionatipro.it\/shop\/","name":"ricondizionatipro.it","description":"computer professionali ricondizionati garantiti","publisher":{"@id":"https:\/\/ricondizionatipro.it\/shop\/#organization"},"potentialAction":[{"@type":"SearchAction","target":{"@type":"EntryPoint","urlTemplate":"https:\/\/ricondizionatipro.it\/shop\/?s={search_term_string}"},"query-input":{"@type":"PropertyValueSpecification","valueRequired":true,"valueName":"search_term_string"}}],"inLanguage":"it-IT"},{"@type":"Organization","@id":"https:\/\/ricondizionatipro.it\/shop\/#organization","name":"ricondizionatipro.it","url":"https:\/\/ricondizionatipro.it\/shop\/","logo":{"@type":"ImageObject","inLanguage":"it-IT","@id":"https:\/\/ricondizionatipro.it\/shop\/#\/schema\/logo\/image\/","url":"https:\/\/i0.wp.com\/ricondizionatipro.it\/shop\/wp-content\/uploads\/2022\/04\/ricondizionati-pro-logo-trasparente.png?fit=2309%2C1910&ssl=1","contentUrl":"https:\/\/i0.wp.com\/ricondizionatipro.it\/shop\/wp-content\/uploads\/2022\/04\/ricondizionati-pro-logo-trasparente.png?fit=2309%2C1910&ssl=1","width":2309,"height":1910,"caption":"ricondizionatipro.it"},"image":{"@id":"https:\/\/ricondizionatipro.it\/shop\/#\/schema\/logo\/image\/"},"sameAs":["https:\/\/www.facebook.com\/ricondizionatipro.it\/","https:\/\/www.instagram.com\/ricondizionatipro.it\/"]}]}},"acf":[],"_links":{"self":[{"href":"https:\/\/ricondizionatipro.it\/shop\/wp-json\/wp\/v2\/product\/100790","targetHints":{"allow":["GET"]}}],"collection":[{"href":"https:\/\/ricondizionatipro.it\/shop\/wp-json\/wp\/v2\/product"}],"about":[{"href":"https:\/\/ricondizionatipro.it\/shop\/wp-json\/wp\/v2\/types\/product"}],"wp:featuredmedia":[{"embeddable":true,"href":"https:\/\/ricondizionatipro.it\/shop\/wp-json\/wp\/v2\/media\/101273"}],"wp:attachment":[{"href":"https:\/\/ricondizionatipro.it\/shop\/wp-json\/wp\/v2\/media?parent=100790"}],"wp:term":[{"taxonomy":"product_brand","embeddable":true,"href":"https:\/\/ricondizionatipro.it\/shop\/wp-json\/wp\/v2\/product_brand?post=100790"},{"taxonomy":"product_cat","embeddable":true,"href":"https:\/\/ricondizionatipro.it\/shop\/wp-json\/wp\/v2\/product_cat?post=100790"},{"taxonomy":"product_tag","embeddable":true,"href":"https:\/\/ricondizionatipro.it\/shop\/wp-json\/wp\/v2\/product_tag?post=100790"}],"curies":[{"name":"wp","href":"https:\/\/api.w.org\/{rel}","templated":true}]}}