{"id":100450,"date":"2026-04-28T00:16:00","date_gmt":"2026-04-27T22:16:00","guid":{"rendered":"https:\/\/ricondizionatipro.it\/shop\/prodotto\/laptop-hp-omnibook-x-flip-ngai-16-as0009na-u7-256v-touch-oled-ultra-7-ram-16-gb-ssd-disk-160%e2%80%b3-2-8k\/"},"modified":"2026-04-28T00:16:01","modified_gmt":"2026-04-27T22:16:01","slug":"laptop-hp-omnibook-x-flip-ngai-16-as0009na-u7-256v-touch-oled-praska-ultra-7-ram-16-gb-ssd-disk-160%e2%80%b3-2-8k","status":"publish","type":"product","link":"https:\/\/ricondizionatipro.it\/shop\/prodotto\/laptop-hp-omnibook-x-flip-ngai-16-as0009na-u7-256v-touch-oled-praska-ultra-7-ram-16-gb-ssd-disk-160%e2%80%b3-2-8k\/","title":{"rendered":"Laptop HP OmniBook X Flip NGAI 16-as0009na | U7-256V | Touch OLED *** praska \/ Ultra 7 \/ RAM 16 GB \/ SSD Disk \/ 16,0\u2033 2.8K"},"content":{"rendered":"<p>L&#039;HP OmniBook X Flip NGAI \u00e8 una soluzione versatile che combina prestazioni elevate e un design elegante. Con un display OLED multi-touch da 16 pollici a 2.8K, offre un&#039;esperienza di visione straordinaria e interattiva. Il dispositivo \u00e8 dotato di componenti tecnologici all&#039;avanguardia pensati per supportare anche le attivit\u00e0 pi\u00f9 impegnative.<\/p>\n<p>&lt;H2&gt;Principali vantaggi&lt;\/H2&gt;<br \/>\n&lt;ul&gt;<br \/>\n    &lt;li&gt;&lt;b&gt;Display OLED multi-touch&lt;\/b&gt;: immagini vivide e colori brillanti in alta risoluzione&lt;\/li&gt;<br \/>\n    &lt;li&gt;&lt;b&gt;Connettivit\u00e0 avanzata&lt;\/b&gt;: porte HDMI 2.1, Thunderbolt 4 e USB-C per una connessione veloce e versatile&lt;\/li&gt;<br \/>\n    &lt;li&gt;&lt;b&gt;Velocit\u00e0 del disco&lt;\/b&gt;: grazie alla tecnologia SSD PCIe NVMe, garantisce tempi di accesso e trasferimento dati rapidissimi&lt;\/li&gt;<br \/>\n    &lt;li&gt;&lt;b&gt;Design raffinato&lt;\/b&gt;: leggero e stilizzato per un utilizzo quotidiano confortevole&lt;\/li&gt;<br \/>\n    &lt;li&gt;&lt;b&gt;Penna Tilt Silver&lt;\/b&gt;: ideale per chi ama disegnare o prendere appunti in modo creativo&lt;\/li&gt;<br \/>\n&lt;\/ul&gt;<\/p>\n<p>&lt;H2&gt;Chi acquista questo prodotto&lt;\/H2&gt;<br \/>\nL&#039;HP OmniBook X Flip NGAI \u00e8 perfetto per professionisti e creativi che necessitano di un dispositivo affidabile e potente per le loro attivit\u00e0 quotidiane. \u00c8 ideale anche per gli studenti e chi cerca un laptop che unisca potenza e portabilit\u00e0 in una soluzione elegante.<\/p>\n<p>&lt;H2&gt;Possibilit\u00e0 di aggiornamento&lt;\/H2&gt;<br \/>\nOffre eccellenti capacit\u00e0 di aggiornamento della memoria e del disco, permettendo personalizzazioni future. &lt;b&gt;Consultate sempre un esperto prima di eseguire l&#039;aggiornamento&lt;\/b&gt;.<\/p>\n<p>&lt;H2&gt;Perch\u00e9 scegliere un dispositivo ricondizionato&lt;\/H2&gt;<br \/>\nOptare per un dispositivo ricondizionato significa investire in un prodotto di alta qualit\u00e0 con un ottimo rapporto qualit\u00e0-prezzo. Gli HP OmniBook X Flip NGAI vengono sottoposti a un accurato processo di ricondizionamento professionale, garantendo cos\u00ec l&#039;affidabilit\u00e0 e la funzionalit\u00e0 del dispositivo. Inoltre, il sistema standardizzato di valutazione della qualit\u00e0 assicura che ogni componente funzioni perfettamente, offrendo una scelta sostenibile e intelligente. La scelta di un dispositivo ricondizionato contribuisce anche in maniera positiva alla sostenibilit\u00e0 ambientale.&lt;h2&gt;Scatola aperta&lt;\/h2&gt;&#13;<br \/>\n&lt;p&gt;Quasi nessun segno di usura. Qualit\u00e0 uguale ai nuovi. Nella maggior parte dei casi si tratta di eccedenze di produzione e scorte invendute, in cui le differenze rispetto ai dispositivi nuovi non sono percepibili.&lt;\/p&gt;&#13;<\/p>\n","protected":false},"excerpt":{"rendered":"<p>Intel Ultra 7 256V(2.2GHz) + Intel Arc 140V (IGP), 16\u00a0GB LPDDR5x-8533, 40,6 cm (16,0&#8243;) 2.8K (2880&#215;1800) Multi-Touch OLED 48-120 Hz, SSD 1 TB\u00a0PCIe NVMe, HDMI 2.1, 1x Thunderbolt 4 (DisplayPort &#8211; 40 Gbps), 2x USB-A 3.2 Gen2 (10Gbps), 1x USB-C 3.2 Gen2 (10Gbps &#8211; DP 1.4a), Wi-Fi 6E (AX211), Bluetooth 5.3, Backlit Kbd., Webcam, 65W USB-C PD, Pen-Tilt Silver,\u00a0Microsoft Windows 11 Home (64-bit)<\/p>\n","protected":false},"featured_media":100451,"template":"","meta":{"inline_featured_image":false},"product_brand":[],"product_cat":[940,831,5882,5876,833],"product_tag":[],"class_list":{"0":"post-100450","1":"product","2":"type-product","3":"status-publish","4":"has-post-thumbnail","6":"product_cat-hp-portatili","7":"product_cat-laptop","8":"product_cat-laptop-ultrabook","9":"product_cat-notebook-per-uso-domestico","10":"product_cat-ricerca-preferita","11":"pa_fingerprint-no","13":"first","14":"instock","15":"purchasable","16":"product-type-simple"},"yoast_head":"<!-- This site is optimized with the Yoast SEO plugin v27.2 - https:\/\/yoast.com\/product\/yoast-seo-wordpress\/ -->\n<title>Laptop HP OmniBook X Flip NGAI 16-as0009na | U7-256V | Touch OLED *** praska \/ Ultra 7 \/ RAM 16 GB \/ SSD Disk \/ 16,0\u2033 2.8K - ricondizionatipro.it<\/title>\n<meta name=\"robots\" content=\"index, follow, max-snippet:-1, max-image-preview:large, max-video-preview:-1\" \/>\n<link rel=\"canonical\" href=\"https:\/\/ricondizionatipro.it\/shop\/prodotto\/laptop-hp-omnibook-x-flip-ngai-16-as0009na-u7-256v-touch-oled-praska-ultra-7-ram-16-gb-ssd-disk-160\u2033-2-8k\/\" \/>\n<meta property=\"og:locale\" content=\"it_IT\" \/>\n<meta property=\"og:type\" content=\"article\" \/>\n<meta property=\"og:title\" content=\"Laptop HP OmniBook X Flip NGAI 16-as0009na | U7-256V | Touch OLED *** praska \/ Ultra 7 \/ RAM 16 GB \/ SSD Disk \/ 16,0\u2033 2.8K - ricondizionatipro.it\" \/>\n<meta property=\"og:description\" content=\"Intel Ultra 7 256V(2.2GHz) + Intel Arc 140V (IGP), 16\u00a0GB LPDDR5x-8533, 40,6 cm (16,0&quot;) 2.8K (2880x1800) Multi-Touch OLED 48-120 Hz, SSD 1 TB\u00a0PCIe NVMe, HDMI 2.1, 1x Thunderbolt 4 (DisplayPort - 40 Gbps), 2x USB-A 3.2 Gen2 (10Gbps), 1x USB-C 3.2 Gen2 (10Gbps - DP 1.4a), Wi-Fi 6E (AX211), Bluetooth 5.3, Backlit Kbd., Webcam, 65W USB-C PD, Pen-Tilt Silver,\u00a0Microsoft Windows 11 Home (64-bit)\" \/>\n<meta property=\"og:url\" content=\"https:\/\/ricondizionatipro.it\/shop\/prodotto\/laptop-hp-omnibook-x-flip-ngai-16-as0009na-u7-256v-touch-oled-praska-ultra-7-ram-16-gb-ssd-disk-160\u2033-2-8k\/\" \/>\n<meta property=\"og:site_name\" content=\"ricondizionatipro.it\" \/>\n<meta property=\"article:publisher\" content=\"https:\/\/www.facebook.com\/ricondizionatipro.it\/\" \/>\n<meta property=\"article:modified_time\" content=\"2026-04-27T22:16:01+00:00\" \/>\n<meta property=\"og:image\" content=\"https:\/\/ricondizionatipro.it\/shop\/wp-content\/uploads\/2026\/03\/prenosnik-hp-omnibook-x-flip-ngai-16-as0009na-u7-256v-touch-oled.webp\" \/>\n\t<meta property=\"og:image:width\" content=\"850\" \/>\n\t<meta property=\"og:image:height\" content=\"638\" \/>\n\t<meta property=\"og:image:type\" content=\"image\/webp\" \/>\n<meta name=\"twitter:card\" content=\"summary_large_image\" \/>\n<meta name=\"twitter:label1\" content=\"Tempo di lettura stimato\" \/>\n\t<meta name=\"twitter:data1\" content=\"2 minuti\" \/>\n<script type=\"application\/ld+json\" class=\"yoast-schema-graph\">{\"@context\":\"https:\/\/schema.org\",\"@graph\":[{\"@type\":\"WebPage\",\"@id\":\"https:\/\/ricondizionatipro.it\/shop\/prodotto\/laptop-hp-omnibook-x-flip-ngai-16-as0009na-u7-256v-touch-oled-praska-ultra-7-ram-16-gb-ssd-disk-160%e2%80%b3-2-8k\/\",\"url\":\"https:\/\/ricondizionatipro.it\/shop\/prodotto\/laptop-hp-omnibook-x-flip-ngai-16-as0009na-u7-256v-touch-oled-praska-ultra-7-ram-16-gb-ssd-disk-160%e2%80%b3-2-8k\/\",\"name\":\"Laptop HP OmniBook X Flip NGAI 16-as0009na | U7-256V | Touch OLED *** praska \/ Ultra 7 \/ RAM 16 GB \/ SSD Disk \/ 16,0\u2033 2.8K - ricondizionatipro.it\",\"isPartOf\":{\"@id\":\"https:\/\/ricondizionatipro.it\/shop\/#website\"},\"primaryImageOfPage\":{\"@id\":\"https:\/\/ricondizionatipro.it\/shop\/prodotto\/laptop-hp-omnibook-x-flip-ngai-16-as0009na-u7-256v-touch-oled-praska-ultra-7-ram-16-gb-ssd-disk-160%e2%80%b3-2-8k\/#primaryimage\"},\"image\":{\"@id\":\"https:\/\/ricondizionatipro.it\/shop\/prodotto\/laptop-hp-omnibook-x-flip-ngai-16-as0009na-u7-256v-touch-oled-praska-ultra-7-ram-16-gb-ssd-disk-160%e2%80%b3-2-8k\/#primaryimage\"},\"thumbnailUrl\":\"https:\/\/ricondizionatipro.it\/shop\/wp-content\/uploads\/2026\/03\/prenosnik-hp-omnibook-x-flip-ngai-16-as0009na-u7-256v-touch-oled.webp\",\"datePublished\":\"2026-04-27T22:16:00+00:00\",\"dateModified\":\"2026-04-27T22:16:01+00:00\",\"breadcrumb\":{\"@id\":\"https:\/\/ricondizionatipro.it\/shop\/prodotto\/laptop-hp-omnibook-x-flip-ngai-16-as0009na-u7-256v-touch-oled-praska-ultra-7-ram-16-gb-ssd-disk-160%e2%80%b3-2-8k\/#breadcrumb\"},\"inLanguage\":\"it-IT\",\"potentialAction\":[{\"@type\":\"ReadAction\",\"target\":[\"https:\/\/ricondizionatipro.it\/shop\/prodotto\/laptop-hp-omnibook-x-flip-ngai-16-as0009na-u7-256v-touch-oled-praska-ultra-7-ram-16-gb-ssd-disk-160%e2%80%b3-2-8k\/\"]}]},{\"@type\":\"ImageObject\",\"inLanguage\":\"it-IT\",\"@id\":\"https:\/\/ricondizionatipro.it\/shop\/prodotto\/laptop-hp-omnibook-x-flip-ngai-16-as0009na-u7-256v-touch-oled-praska-ultra-7-ram-16-gb-ssd-disk-160%e2%80%b3-2-8k\/#primaryimage\",\"url\":\"https:\/\/ricondizionatipro.it\/shop\/wp-content\/uploads\/2026\/03\/prenosnik-hp-omnibook-x-flip-ngai-16-as0009na-u7-256v-touch-oled.webp\",\"contentUrl\":\"https:\/\/ricondizionatipro.it\/shop\/wp-content\/uploads\/2026\/03\/prenosnik-hp-omnibook-x-flip-ngai-16-as0009na-u7-256v-touch-oled.webp\",\"width\":850,\"height\":638},{\"@type\":\"BreadcrumbList\",\"@id\":\"https:\/\/ricondizionatipro.it\/shop\/prodotto\/laptop-hp-omnibook-x-flip-ngai-16-as0009na-u7-256v-touch-oled-praska-ultra-7-ram-16-gb-ssd-disk-160%e2%80%b3-2-8k\/#breadcrumb\",\"itemListElement\":[{\"@type\":\"ListItem\",\"position\":1,\"name\":\"Home\",\"item\":\"https:\/\/ricondizionatipro.it\/shop\/\"},{\"@type\":\"ListItem\",\"position\":2,\"name\":\"Laptop HP OmniBook X Flip NGAI 16-as0009na | U7-256V | Touch OLED *** praska \/ Ultra 7 \/ RAM 16 GB \/ SSD Disk \/ 16,0\u2033 2.8K\"}]},{\"@type\":\"WebSite\",\"@id\":\"https:\/\/ricondizionatipro.it\/shop\/#website\",\"url\":\"https:\/\/ricondizionatipro.it\/shop\/\",\"name\":\"ricondizionatipro.it\",\"description\":\"computer professionali ricondizionati garantiti\",\"publisher\":{\"@id\":\"https:\/\/ricondizionatipro.it\/shop\/#organization\"},\"potentialAction\":[{\"@type\":\"SearchAction\",\"target\":{\"@type\":\"EntryPoint\",\"urlTemplate\":\"https:\/\/ricondizionatipro.it\/shop\/?s={search_term_string}\"},\"query-input\":{\"@type\":\"PropertyValueSpecification\",\"valueRequired\":true,\"valueName\":\"search_term_string\"}}],\"inLanguage\":\"it-IT\"},{\"@type\":\"Organization\",\"@id\":\"https:\/\/ricondizionatipro.it\/shop\/#organization\",\"name\":\"ricondizionatipro.it\",\"url\":\"https:\/\/ricondizionatipro.it\/shop\/\",\"logo\":{\"@type\":\"ImageObject\",\"inLanguage\":\"it-IT\",\"@id\":\"https:\/\/ricondizionatipro.it\/shop\/#\/schema\/logo\/image\/\",\"url\":\"https:\/\/i0.wp.com\/ricondizionatipro.it\/shop\/wp-content\/uploads\/2022\/04\/ricondizionati-pro-logo-trasparente.png?fit=2309%2C1910&ssl=1\",\"contentUrl\":\"https:\/\/i0.wp.com\/ricondizionatipro.it\/shop\/wp-content\/uploads\/2022\/04\/ricondizionati-pro-logo-trasparente.png?fit=2309%2C1910&ssl=1\",\"width\":2309,\"height\":1910,\"caption\":\"ricondizionatipro.it\"},\"image\":{\"@id\":\"https:\/\/ricondizionatipro.it\/shop\/#\/schema\/logo\/image\/\"},\"sameAs\":[\"https:\/\/www.facebook.com\/ricondizionatipro.it\/\",\"https:\/\/www.instagram.com\/ricondizionatipro.it\/\"]}]}<\/script>\n<!-- \/ Yoast SEO plugin. -->","yoast_head_json":{"title":"Laptop HP OmniBook X Flip NGAI 16-as0009na | U7-256V | Touch OLED *** praska \/ Ultra 7 \/ RAM 16 GB \/ SSD Disk \/ 16,0\u2033 2.8K - ricondizionatipro.it","robots":{"index":"index","follow":"follow","max-snippet":"max-snippet:-1","max-image-preview":"max-image-preview:large","max-video-preview":"max-video-preview:-1"},"canonical":"https:\/\/ricondizionatipro.it\/shop\/prodotto\/laptop-hp-omnibook-x-flip-ngai-16-as0009na-u7-256v-touch-oled-praska-ultra-7-ram-16-gb-ssd-disk-160\u2033-2-8k\/","og_locale":"it_IT","og_type":"article","og_title":"Laptop HP OmniBook X Flip NGAI 16-as0009na | U7-256V | Touch OLED *** praska \/ Ultra 7 \/ RAM 16 GB \/ SSD Disk \/ 16,0\u2033 2.8K - ricondizionatipro.it","og_description":"Intel Ultra 7 256V(2.2GHz) + Intel Arc 140V (IGP), 16\u00a0GB LPDDR5x-8533, 40,6 cm (16,0\") 2.8K (2880x1800) Multi-Touch OLED 48-120 Hz, SSD 1 TB\u00a0PCIe NVMe, HDMI 2.1, 1x Thunderbolt 4 (DisplayPort - 40 Gbps), 2x USB-A 3.2 Gen2 (10Gbps), 1x USB-C 3.2 Gen2 (10Gbps - DP 1.4a), Wi-Fi 6E (AX211), Bluetooth 5.3, Backlit Kbd., Webcam, 65W USB-C PD, Pen-Tilt Silver,\u00a0Microsoft Windows 11 Home (64-bit)","og_url":"https:\/\/ricondizionatipro.it\/shop\/prodotto\/laptop-hp-omnibook-x-flip-ngai-16-as0009na-u7-256v-touch-oled-praska-ultra-7-ram-16-gb-ssd-disk-160\u2033-2-8k\/","og_site_name":"ricondizionatipro.it","article_publisher":"https:\/\/www.facebook.com\/ricondizionatipro.it\/","article_modified_time":"2026-04-27T22:16:01+00:00","og_image":[{"width":850,"height":638,"url":"https:\/\/ricondizionatipro.it\/shop\/wp-content\/uploads\/2026\/03\/prenosnik-hp-omnibook-x-flip-ngai-16-as0009na-u7-256v-touch-oled.webp","type":"image\/webp"}],"twitter_card":"summary_large_image","twitter_misc":{"Tempo di lettura stimato":"2 minuti"},"schema":{"@context":"https:\/\/schema.org","@graph":[{"@type":"WebPage","@id":"https:\/\/ricondizionatipro.it\/shop\/prodotto\/laptop-hp-omnibook-x-flip-ngai-16-as0009na-u7-256v-touch-oled-praska-ultra-7-ram-16-gb-ssd-disk-160%e2%80%b3-2-8k\/","url":"https:\/\/ricondizionatipro.it\/shop\/prodotto\/laptop-hp-omnibook-x-flip-ngai-16-as0009na-u7-256v-touch-oled-praska-ultra-7-ram-16-gb-ssd-disk-160%e2%80%b3-2-8k\/","name":"Laptop HP OmniBook X Flip NGAI 16-as0009na | U7-256V | Touch OLED *** praska \/ Ultra 7 \/ RAM 16 GB \/ SSD Disk \/ 16,0\u2033 2.8K - ricondizionatipro.it","isPartOf":{"@id":"https:\/\/ricondizionatipro.it\/shop\/#website"},"primaryImageOfPage":{"@id":"https:\/\/ricondizionatipro.it\/shop\/prodotto\/laptop-hp-omnibook-x-flip-ngai-16-as0009na-u7-256v-touch-oled-praska-ultra-7-ram-16-gb-ssd-disk-160%e2%80%b3-2-8k\/#primaryimage"},"image":{"@id":"https:\/\/ricondizionatipro.it\/shop\/prodotto\/laptop-hp-omnibook-x-flip-ngai-16-as0009na-u7-256v-touch-oled-praska-ultra-7-ram-16-gb-ssd-disk-160%e2%80%b3-2-8k\/#primaryimage"},"thumbnailUrl":"https:\/\/ricondizionatipro.it\/shop\/wp-content\/uploads\/2026\/03\/prenosnik-hp-omnibook-x-flip-ngai-16-as0009na-u7-256v-touch-oled.webp","datePublished":"2026-04-27T22:16:00+00:00","dateModified":"2026-04-27T22:16:01+00:00","breadcrumb":{"@id":"https:\/\/ricondizionatipro.it\/shop\/prodotto\/laptop-hp-omnibook-x-flip-ngai-16-as0009na-u7-256v-touch-oled-praska-ultra-7-ram-16-gb-ssd-disk-160%e2%80%b3-2-8k\/#breadcrumb"},"inLanguage":"it-IT","potentialAction":[{"@type":"ReadAction","target":["https:\/\/ricondizionatipro.it\/shop\/prodotto\/laptop-hp-omnibook-x-flip-ngai-16-as0009na-u7-256v-touch-oled-praska-ultra-7-ram-16-gb-ssd-disk-160%e2%80%b3-2-8k\/"]}]},{"@type":"ImageObject","inLanguage":"it-IT","@id":"https:\/\/ricondizionatipro.it\/shop\/prodotto\/laptop-hp-omnibook-x-flip-ngai-16-as0009na-u7-256v-touch-oled-praska-ultra-7-ram-16-gb-ssd-disk-160%e2%80%b3-2-8k\/#primaryimage","url":"https:\/\/ricondizionatipro.it\/shop\/wp-content\/uploads\/2026\/03\/prenosnik-hp-omnibook-x-flip-ngai-16-as0009na-u7-256v-touch-oled.webp","contentUrl":"https:\/\/ricondizionatipro.it\/shop\/wp-content\/uploads\/2026\/03\/prenosnik-hp-omnibook-x-flip-ngai-16-as0009na-u7-256v-touch-oled.webp","width":850,"height":638},{"@type":"BreadcrumbList","@id":"https:\/\/ricondizionatipro.it\/shop\/prodotto\/laptop-hp-omnibook-x-flip-ngai-16-as0009na-u7-256v-touch-oled-praska-ultra-7-ram-16-gb-ssd-disk-160%e2%80%b3-2-8k\/#breadcrumb","itemListElement":[{"@type":"ListItem","position":1,"name":"Home","item":"https:\/\/ricondizionatipro.it\/shop\/"},{"@type":"ListItem","position":2,"name":"Laptop HP OmniBook X Flip NGAI 16-as0009na | U7-256V | Touch OLED *** praska \/ Ultra 7 \/ RAM 16 GB \/ SSD Disk \/ 16,0\u2033 2.8K"}]},{"@type":"WebSite","@id":"https:\/\/ricondizionatipro.it\/shop\/#website","url":"https:\/\/ricondizionatipro.it\/shop\/","name":"ricondizionatipro.it","description":"computer professionali ricondizionati garantiti","publisher":{"@id":"https:\/\/ricondizionatipro.it\/shop\/#organization"},"potentialAction":[{"@type":"SearchAction","target":{"@type":"EntryPoint","urlTemplate":"https:\/\/ricondizionatipro.it\/shop\/?s={search_term_string}"},"query-input":{"@type":"PropertyValueSpecification","valueRequired":true,"valueName":"search_term_string"}}],"inLanguage":"it-IT"},{"@type":"Organization","@id":"https:\/\/ricondizionatipro.it\/shop\/#organization","name":"ricondizionatipro.it","url":"https:\/\/ricondizionatipro.it\/shop\/","logo":{"@type":"ImageObject","inLanguage":"it-IT","@id":"https:\/\/ricondizionatipro.it\/shop\/#\/schema\/logo\/image\/","url":"https:\/\/i0.wp.com\/ricondizionatipro.it\/shop\/wp-content\/uploads\/2022\/04\/ricondizionati-pro-logo-trasparente.png?fit=2309%2C1910&ssl=1","contentUrl":"https:\/\/i0.wp.com\/ricondizionatipro.it\/shop\/wp-content\/uploads\/2022\/04\/ricondizionati-pro-logo-trasparente.png?fit=2309%2C1910&ssl=1","width":2309,"height":1910,"caption":"ricondizionatipro.it"},"image":{"@id":"https:\/\/ricondizionatipro.it\/shop\/#\/schema\/logo\/image\/"},"sameAs":["https:\/\/www.facebook.com\/ricondizionatipro.it\/","https:\/\/www.instagram.com\/ricondizionatipro.it\/"]}]}},"acf":[],"_links":{"self":[{"href":"https:\/\/ricondizionatipro.it\/shop\/wp-json\/wp\/v2\/product\/100450","targetHints":{"allow":["GET"]}}],"collection":[{"href":"https:\/\/ricondizionatipro.it\/shop\/wp-json\/wp\/v2\/product"}],"about":[{"href":"https:\/\/ricondizionatipro.it\/shop\/wp-json\/wp\/v2\/types\/product"}],"wp:featuredmedia":[{"embeddable":true,"href":"https:\/\/ricondizionatipro.it\/shop\/wp-json\/wp\/v2\/media\/100451"}],"wp:attachment":[{"href":"https:\/\/ricondizionatipro.it\/shop\/wp-json\/wp\/v2\/media?parent=100450"}],"wp:term":[{"taxonomy":"product_brand","embeddable":true,"href":"https:\/\/ricondizionatipro.it\/shop\/wp-json\/wp\/v2\/product_brand?post=100450"},{"taxonomy":"product_cat","embeddable":true,"href":"https:\/\/ricondizionatipro.it\/shop\/wp-json\/wp\/v2\/product_cat?post=100450"},{"taxonomy":"product_tag","embeddable":true,"href":"https:\/\/ricondizionatipro.it\/shop\/wp-json\/wp\/v2\/product_tag?post=100450"}],"curies":[{"name":"wp","href":"https:\/\/api.w.org\/{rel}","templated":true}]}}